{"id":1206,"date":"2022-06-16T14:20:00","date_gmt":"2022-06-16T14:20:00","guid":{"rendered":"https:\/\/www.jimport.fi\/?post_type=product&#038;p=1206"},"modified":"2024-12-10T14:43:43","modified_gmt":"2024-12-10T11:43:43","slug":"mannanrengastyokalusarja","status":"publish","type":"product","link":"https:\/\/www.jimport.fi\/index.php\/tuote\/mannanrengastyokalusarja\/","title":{"rendered":"M\u00e4nn\u00e4nrengas ty\u00f6kalusarja"},"content":{"rendered":"<p>M\u00e4nn\u00e4nrengas ty\u00f6kalusarja, jossa kaikki mit\u00e4 m\u00e4ntien kanssa tarvitaan ja pysyy salkussa puhtaana.<\/p>\n<h4>Sis\u00e4lt\u00e4\u00e4:<\/h4>\n<ul>\n<li>1x m\u00e4nn\u00e4nrengaspuristin:korkeus : 3&#8243;, koko 53 &#8211; 125mm<\/li>\n<li>1x m\u00e4nn\u00e4nrengaspuristin :korkeus : 3&#8243;, koko 90 &#8211; 175mm<\/li>\n<li>1x m\u00e4nn\u00e4nrengaspuristin: korkeus: 4&#8243;, koko 90 &#8211; 175mm<\/li>\n<li>1x m\u00e4nn\u00e4nrengaspihdit 50 &#8211; 100mm<\/li>\n<li>1x m\u00e4nn\u00e4nrengasuran puhdistin: sopii 2&#8243; &#8211; 5&#8243; (51-127mm)<\/li>\n<li>1x puhdistuster\u00e4: 1\/16&#8243; &#8211; 3\/16&#8243;<\/li>\n<li>1x puhdistuster\u00e4 : 2.0mm &#8211; 4.5mm &amp; 1\/4&#8243;<\/li>\n<li>1x puhdistuster\u00e4: 1.2mm &#8211; 5.5mm<\/li>\n<li>ty\u00f6kalu: Phillips &amp; tasap\u00e4\u00e4<\/li>\n<li>s\u00e4ilytyssalkku<\/li>\n<\/ul>\n","protected":false},"excerpt":{"rendered":"<p>M\u00e4nn\u00e4nrenkaiden asennus ja m\u00e4nn\u00e4nrengasurien puhdistus. Geko<\/p>\n","protected":false},"featured_media":1207,"template":"","meta":{"_monsterinsights_skip_tracking":false,"_monsterinsights_sitenote_active":false,"_monsterinsights_sitenote_note":"","_monsterinsights_sitenote_category":0,"neve_meta_sidebar":"","neve_meta_container":"","neve_meta_enable_content_width":"off","neve_meta_content_width":100,"neve_meta_title_alignment":"","neve_meta_author_avatar":"","neve_post_elements_order":"","neve_meta_disable_header":"","neve_meta_disable_footer":"","neve_meta_disable_title":"","_themeisle_gutenberg_block_has_review":false},"product_brand":[],"product_cat":[78],"product_tag":[],"class_list":{"0":"post-1206","1":"product","2":"type-product","3":"status-publish","4":"has-post-thumbnail","6":"product_cat-moottorityokaluja","8":"first","9":"instock","10":"taxable","11":"shipping-taxable","12":"purchasable","13":"product-type-simple"},"supplier_id":null,"supplier_sku":"","barcode":null,"atum_controlled":true,"out_stock_date":null,"out_stock_threshold":null,"inheritable":false,"inbound_stock":0,"stock_on_hold":0,"sold_today":0,"sales_last_days":0,"reserved_stock":0,"customer_returns":0,"warehouse_damage":0,"lost_in_post":0,"other_logs":0,"out_stock_days":0,"lost_sales":0,"has_location":false,"update_date":"2026-05-13T01:00:12","atum_locations":[],"atum_stock_status":"instock","restock_status":false,"low_stock_amount":"","sales_update_date":"2026-05-13T01:00:12","calc_backorders":null,"aioseo_notices":[],"_links":{"self":[{"href":"https:\/\/www.jimport.fi\/index.php\/wp-json\/wp\/v2\/product\/1206","targetHints":{"allow":["GET"]}}],"collection":[{"href":"https:\/\/www.jimport.fi\/index.php\/wp-json\/wp\/v2\/product"}],"about":[{"href":"https:\/\/www.jimport.fi\/index.php\/wp-json\/wp\/v2\/types\/product"}],"version-history":[{"count":4,"href":"https:\/\/www.jimport.fi\/index.php\/wp-json\/wp\/v2\/product\/1206\/revisions"}],"predecessor-version":[{"id":4824,"href":"https:\/\/www.jimport.fi\/index.php\/wp-json\/wp\/v2\/product\/1206\/revisions\/4824"}],"wp:featuredmedia":[{"embeddable":true,"href":"https:\/\/www.jimport.fi\/index.php\/wp-json\/wp\/v2\/media\/1207"}],"wp:attachment":[{"href":"https:\/\/www.jimport.fi\/index.php\/wp-json\/wp\/v2\/media?parent=1206"}],"wp:term":[{"taxonomy":"product_brand","embeddable":true,"href":"https:\/\/www.jimport.fi\/index.php\/wp-json\/wp\/v2\/product_brand?post=1206"},{"taxonomy":"product_cat","embeddable":true,"href":"https:\/\/www.jimport.fi\/index.php\/wp-json\/wp\/v2\/product_cat?post=1206"},{"taxonomy":"product_tag","embeddable":true,"href":"https:\/\/www.jimport.fi\/index.php\/wp-json\/wp\/v2\/product_tag?post=1206"}],"curies":[{"name":"wp","href":"https:\/\/api.w.org\/{rel}","templated":true}]}}