{"id":1258,"date":"2022-06-19T06:39:08","date_gmt":"2022-06-19T06:39:08","guid":{"rendered":"https:\/\/www.jimport.fi\/?post_type=product&#038;p=1258"},"modified":"2024-12-08T18:50:46","modified_gmt":"2024-12-08T15:50:46","slug":"paluusuodatin-zx75-135-6","status":"publish","type":"product","link":"https:\/\/www.jimport.fi\/index.php\/tuote\/paluusuodatin-zx75-135-6\/","title":{"rendered":"Hitachi paluusuodatin ZX75-135.6"},"content":{"rendered":"<p>Mitat 112mm x 527mm. Sopii my\u00f6s tukkeutumisanturilla varustettuihin, mutta anturi j\u00e4\u00e4 pois toiminnasta (s\u00e4ili\u00f6n kannessa joissain koneissa). Sama suodatin sopii kaikkiin alle 20ton Zaxis tela- ja py\u00f6r\u00e4alustaisiin. Vastaavat Hitachi numerot YA00008642 ja H4448401 Hifi filters<\/p>\n","protected":false},"excerpt":{"rendered":"<p>Hitachi Zaxis hydrauliikan paluusuodatin 1,3,5,6 sarjaan, alkaen ZX75, p\u00e4\u00e4ttyen ZX135.6.<\/p>\n","protected":false},"featured_media":1259,"template":"","meta":{"_monsterinsights_skip_tracking":false,"_monsterinsights_sitenote_active":false,"_monsterinsights_sitenote_note":"","_monsterinsights_sitenote_category":0,"neve_meta_sidebar":"","neve_meta_container":"","neve_meta_enable_content_width":"off","neve_meta_content_width":100,"neve_meta_title_alignment":"","neve_meta_author_avatar":"","neve_post_elements_order":"","neve_meta_disable_header":"","neve_meta_disable_footer":"","neve_meta_disable_title":"","_themeisle_gutenberg_block_has_review":false},"product_brand":[],"product_cat":[71],"product_tag":[],"class_list":{"0":"post-1258","1":"product","2":"type-product","3":"status-publish","4":"has-post-thumbnail","6":"product_cat-hitachi-suodattimia","8":"first","9":"outofstock","10":"taxable","11":"shipping-taxable","12":"purchasable","13":"product-type-simple"},"supplier_id":null,"supplier_sku":"","barcode":null,"atum_controlled":true,"out_stock_date":"2024-12-08 18:50:46","out_stock_threshold":null,"inheritable":false,"inbound_stock":0,"stock_on_hold":0,"sold_today":0,"sales_last_days":0,"reserved_stock":0,"customer_returns":0,"warehouse_damage":0,"lost_in_post":0,"other_logs":0,"out_stock_days":487,"lost_sales":0,"has_location":false,"update_date":"2026-04-10T03:28:16","atum_locations":[],"atum_stock_status":"outofstock","restock_status":false,"low_stock_amount":"","sales_update_date":"2026-04-10T03:28:16","calc_backorders":null,"aioseo_notices":[],"_links":{"self":[{"href":"https:\/\/www.jimport.fi\/index.php\/wp-json\/wp\/v2\/product\/1258","targetHints":{"allow":["GET"]}}],"collection":[{"href":"https:\/\/www.jimport.fi\/index.php\/wp-json\/wp\/v2\/product"}],"about":[{"href":"https:\/\/www.jimport.fi\/index.php\/wp-json\/wp\/v2\/types\/product"}],"version-history":[{"count":7,"href":"https:\/\/www.jimport.fi\/index.php\/wp-json\/wp\/v2\/product\/1258\/revisions"}],"predecessor-version":[{"id":3521,"href":"https:\/\/www.jimport.fi\/index.php\/wp-json\/wp\/v2\/product\/1258\/revisions\/3521"}],"wp:featuredmedia":[{"embeddable":true,"href":"https:\/\/www.jimport.fi\/index.php\/wp-json\/wp\/v2\/media\/1259"}],"wp:attachment":[{"href":"https:\/\/www.jimport.fi\/index.php\/wp-json\/wp\/v2\/media?parent=1258"}],"wp:term":[{"taxonomy":"product_brand","embeddable":true,"href":"https:\/\/www.jimport.fi\/index.php\/wp-json\/wp\/v2\/product_brand?post=1258"},{"taxonomy":"product_cat","embeddable":true,"href":"https:\/\/www.jimport.fi\/index.php\/wp-json\/wp\/v2\/product_cat?post=1258"},{"taxonomy":"product_tag","embeddable":true,"href":"https:\/\/www.jimport.fi\/index.php\/wp-json\/wp\/v2\/product_tag?post=1258"}],"curies":[{"name":"wp","href":"https:\/\/api.w.org\/{rel}","templated":true}]}}