{"id":1473,"date":"2022-06-20T17:29:16","date_gmt":"2022-06-20T17:29:16","guid":{"rendered":"https:\/\/www.jimport.fi\/?post_type=product&#038;p=1473"},"modified":"2023-04-26T14:16:13","modified_gmt":"2023-04-26T14:16:13","slug":"pop-niittilajitelma-400os","status":"publish","type":"product","link":"https:\/\/www.jimport.fi\/index.php\/tuote\/pop-niittilajitelma-400os\/","title":{"rendered":"POP-niittilajitelma 400os"},"content":{"rendered":"<p>Sis\u00e4lt\u00e4\u00e4 alumiini POP-niitit<\/p>\n<ul>\n<li>100x\u00a0 2.4 x 6mm<\/li>\n<li>100x\u00a0 3.2 x 6mm<\/li>\n<li>50x\u00a0 4.0 x 6mm<\/li>\n<li>50x\u00a0 4.0 x 10mm<\/li>\n<li>50x\u00a0 4.8 x 6mm<\/li>\n<li>50x 4.8 x 10mm<\/li>\n<\/ul>\n","protected":false},"excerpt":{"rendered":"<p>Hyv\u00e4 starttipaketti pop-niittailuun. Geko<\/p>\n","protected":false},"featured_media":1474,"template":"","meta":{"_monsterinsights_skip_tracking":false,"_monsterinsights_sitenote_active":false,"_monsterinsights_sitenote_note":"","_monsterinsights_sitenote_category":0,"neve_meta_sidebar":"","neve_meta_container":"","neve_meta_enable_content_width":"off","neve_meta_content_width":100,"neve_meta_title_alignment":"","neve_meta_author_avatar":"","neve_post_elements_order":"","neve_meta_disable_header":"","neve_meta_disable_footer":"","neve_meta_disable_title":"","_themeisle_gutenberg_block_has_review":false},"product_brand":[],"product_cat":[57],"product_tag":[],"class_list":{"0":"post-1473","1":"product","2":"type-product","3":"status-publish","4":"has-post-thumbnail","6":"product_cat-lajitelmat","8":"first","9":"instock","10":"taxable","11":"shipping-taxable","12":"purchasable","13":"product-type-simple"},"supplier_id":null,"supplier_sku":"","barcode":null,"atum_controlled":true,"out_stock_date":null,"out_stock_threshold":null,"inheritable":false,"inbound_stock":0,"stock_on_hold":0,"sold_today":0,"sales_last_days":0,"reserved_stock":0,"customer_returns":0,"warehouse_damage":0,"lost_in_post":0,"other_logs":0,"out_stock_days":0,"lost_sales":0,"has_location":false,"update_date":"2026-05-13T00:59:48","atum_locations":[],"atum_stock_status":"instock","restock_status":false,"low_stock_amount":"","sales_update_date":"2026-05-13T00:59:48","calc_backorders":null,"aioseo_notices":[],"_links":{"self":[{"href":"https:\/\/www.jimport.fi\/index.php\/wp-json\/wp\/v2\/product\/1473","targetHints":{"allow":["GET"]}}],"collection":[{"href":"https:\/\/www.jimport.fi\/index.php\/wp-json\/wp\/v2\/product"}],"about":[{"href":"https:\/\/www.jimport.fi\/index.php\/wp-json\/wp\/v2\/types\/product"}],"version-history":[{"count":3,"href":"https:\/\/www.jimport.fi\/index.php\/wp-json\/wp\/v2\/product\/1473\/revisions"}],"predecessor-version":[{"id":4725,"href":"https:\/\/www.jimport.fi\/index.php\/wp-json\/wp\/v2\/product\/1473\/revisions\/4725"}],"wp:featuredmedia":[{"embeddable":true,"href":"https:\/\/www.jimport.fi\/index.php\/wp-json\/wp\/v2\/media\/1474"}],"wp:attachment":[{"href":"https:\/\/www.jimport.fi\/index.php\/wp-json\/wp\/v2\/media?parent=1473"}],"wp:term":[{"taxonomy":"product_brand","embeddable":true,"href":"https:\/\/www.jimport.fi\/index.php\/wp-json\/wp\/v2\/product_brand?post=1473"},{"taxonomy":"product_cat","embeddable":true,"href":"https:\/\/www.jimport.fi\/index.php\/wp-json\/wp\/v2\/product_cat?post=1473"},{"taxonomy":"product_tag","embeddable":true,"href":"https:\/\/www.jimport.fi\/index.php\/wp-json\/wp\/v2\/product_tag?post=1473"}],"curies":[{"name":"wp","href":"https:\/\/api.w.org\/{rel}","templated":true}]}}