{"id":1507,"date":"2022-06-21T06:16:27","date_gmt":"2022-06-21T06:16:27","guid":{"rendered":"https:\/\/www.jimport.fi\/?post_type=product&#038;p=1507"},"modified":"2025-02-27T11:51:33","modified_gmt":"2025-02-27T08:51:33","slug":"pulttikone-1-4800nm","status":"publish","type":"product","link":"https:\/\/www.jimport.fi\/index.php\/tuote\/pulttikone-1-4800nm\/","title":{"rendered":"Pulttipyssy 1&#8243; 4800Nm"},"content":{"rendered":"<h2>Tuotekuvaus<\/h2>\n<p>Ammattimainen ilmaiskuavain GEKO 4800Nm. Varustettu ulkoisella liipaisimella, joka on sijoitettu D-muotoiseen kahvaan. Ilmanottoaukko 45 asteen kulmalla, jotta ilmaputki olisi tasainen. GEKO-mutterinv\u00e4\u00e4nnin on tarkoitettu teolliseen ty\u00f6h\u00f6n, korjaamoihin ja muihin t\u00f6ihin, joissa tarvitaan suurta tehoa.<\/p>\n<h3>Tuotteen ominaisuudet<\/h3>\n<ul>\n<li>Suuri v\u00e4\u00e4nt\u00f6momentti 4800Nm<\/li>\n<li>Yksinkertainen iskumekanismi, helppo huoltaa<\/li>\n<li>&#8221;Rocking Dog&#8221; -iskumekanismi &#8211; sen t\u00e4rkein etu on korkea kantavuus ja vakaus<\/li>\n<li>Kaksoiskahva antaa enemm\u00e4n vakautta<\/li>\n<li>Suurin hylsy koko: 48mm<\/li>\n<\/ul>\n<h4>Tekniset tiedot<\/h4>\n<ul>\n<li>Suurin v\u00e4\u00e4nt\u00f6momentti: 4800 Nm<\/li>\n<li>Tehons\u00e4\u00e4t\u00f6: 3-vaiheinen kiristys, 3-portainen l\u00f6ystyminen<\/li>\n<li>Kuormittamaton nopeus: 3800 rpm<\/li>\n<li>Ilman sis\u00e4\u00e4ntulo: 1\/2 tuumaa (12.7mm)<\/li>\n<li>Lis\u00e4varusteet: pikaliitin 1\/2 tuumaa, kuusiokoloavain<\/li>\n<\/ul>\n","protected":false},"excerpt":{"rendered":"<p>Vahva pulttipyssy 3 portaisella s\u00e4\u00e4d\u00f6ll\u00e4<\/p>\n","protected":false},"featured_media":1508,"template":"","meta":{"_monsterinsights_skip_tracking":false,"_monsterinsights_sitenote_active":false,"_monsterinsights_sitenote_note":"","_monsterinsights_sitenote_category":0,"neve_meta_sidebar":"","neve_meta_container":"","neve_meta_enable_content_width":"off","neve_meta_content_width":100,"neve_meta_title_alignment":"","neve_meta_author_avatar":"","neve_post_elements_order":"","neve_meta_disable_header":"","neve_meta_disable_footer":"","neve_meta_disable_title":"","_themeisle_gutenberg_block_has_review":false},"product_brand":[],"product_cat":[50,31],"product_tag":[],"class_list":{"0":"post-1507","1":"product","2":"type-product","3":"status-publish","4":"has-post-thumbnail","6":"product_cat-paineilma","7":"product_cat-pulttikoneet-ja-hylsyt","9":"first","10":"outofstock","11":"taxable","12":"shipping-taxable","13":"purchasable","14":"product-type-simple"},"supplier_id":null,"supplier_sku":"","barcode":null,"atum_controlled":true,"out_stock_date":"2025-02-27 11:51:33","out_stock_threshold":null,"inheritable":false,"inbound_stock":0,"stock_on_hold":0,"sold_today":0,"sales_last_days":0,"reserved_stock":0,"customer_returns":0,"warehouse_damage":0,"lost_in_post":0,"other_logs":0,"out_stock_days":428,"lost_sales":18281,"has_location":false,"update_date":"2026-05-02T00:37:58","atum_locations":[],"atum_stock_status":"outofstock","restock_status":false,"low_stock_amount":"","sales_update_date":"2026-05-02T00:37:58","calc_backorders":null,"aioseo_notices":[],"_links":{"self":[{"href":"https:\/\/www.jimport.fi\/index.php\/wp-json\/wp\/v2\/product\/1507","targetHints":{"allow":["GET"]}}],"collection":[{"href":"https:\/\/www.jimport.fi\/index.php\/wp-json\/wp\/v2\/product"}],"about":[{"href":"https:\/\/www.jimport.fi\/index.php\/wp-json\/wp\/v2\/types\/product"}],"version-history":[{"count":3,"href":"https:\/\/www.jimport.fi\/index.php\/wp-json\/wp\/v2\/product\/1507\/revisions"}],"predecessor-version":[{"id":4868,"href":"https:\/\/www.jimport.fi\/index.php\/wp-json\/wp\/v2\/product\/1507\/revisions\/4868"}],"wp:featuredmedia":[{"embeddable":true,"href":"https:\/\/www.jimport.fi\/index.php\/wp-json\/wp\/v2\/media\/1508"}],"wp:attachment":[{"href":"https:\/\/www.jimport.fi\/index.php\/wp-json\/wp\/v2\/media?parent=1507"}],"wp:term":[{"taxonomy":"product_brand","embeddable":true,"href":"https:\/\/www.jimport.fi\/index.php\/wp-json\/wp\/v2\/product_brand?post=1507"},{"taxonomy":"product_cat","embeddable":true,"href":"https:\/\/www.jimport.fi\/index.php\/wp-json\/wp\/v2\/product_cat?post=1507"},{"taxonomy":"product_tag","embeddable":true,"href":"https:\/\/www.jimport.fi\/index.php\/wp-json\/wp\/v2\/product_tag?post=1507"}],"curies":[{"name":"wp","href":"https:\/\/api.w.org\/{rel}","templated":true}]}}