{"id":1836,"date":"2022-06-23T06:46:01","date_gmt":"2022-06-23T06:46:01","guid":{"rendered":"https:\/\/www.jimport.fi\/?post_type=product&#038;p=1836"},"modified":"2023-04-28T11:24:32","modified_gmt":"2023-04-28T11:24:32","slug":"tankkauspumppu-12v-25l-min","status":"publish","type":"product","link":"https:\/\/www.jimport.fi\/index.php\/tuote\/tankkauspumppu-12v-25l-min\/","title":{"rendered":"Tankkauspumppu 12V 25L\/min"},"content":{"rendered":"<h2>Tuotekuvaus<\/h2>\n<p>12 V: n tankkauspumppua voidaan k\u00e4ytt\u00e4\u00e4 nopeaan dieseltankkaukseen, veden ja ohuiden \u00f6ljyjen siirtoon varastos\u00e4ili\u00f6ist\u00e4 erilaisiin ajoneuvoihin ilman vuotoja.<\/p>\n<p>EI saa k\u00e4ytt\u00e4\u00e4 bensiinin, alkoholin, biodieselin, dieselin korvikkeen tai muun palavan nesteen\/polttoaineen kanssa.<\/p>\n<h3>Tuotteen ominaisuudet<\/h3>\n<ul>\n<li>K\u00e4ytt\u00f6j\u00e4nnite 12V DC<\/li>\n<li>Soveltuu dieselille, \u00f6ljylle ja vedelle<\/li>\n<li>Virtakytkin + 2 alligaattoripidikett\u00e4<\/li>\n<li>19 mm letkuliit\u00e4nt\u00e4<\/li>\n<li>Keskipakoinen juoksupy\u00f6r\u00e4<\/li>\n<\/ul>\n<h4>Tekniset tiedot<\/h4>\n<ul>\n<li>Teho: 60W<\/li>\n<li>Tuloj\u00e4nnite: 12V DC<\/li>\n<li>Kuormittamaton nopeus: 8,500 rpm<\/li>\n<li>Virtausnopeus: jopa 25 l \/ min<\/li>\n<li>Suurin imuhissi: 3 m<\/li>\n<li>Pumpun halkaisija: 52 mm<\/li>\n<li>Johdon pituus: 2,4 m<\/li>\n<\/ul>\n","protected":false},"excerpt":{"rendered":"<p>Tankkauspumppu dieselille\/Mp\u00f6:lle, \u00f6ljyille ja vedelle<\/p>\n","protected":false},"featured_media":1837,"template":"","meta":{"_monsterinsights_skip_tracking":false,"_monsterinsights_sitenote_active":false,"_monsterinsights_sitenote_note":"","_monsterinsights_sitenote_category":0,"neve_meta_sidebar":"","neve_meta_container":"","neve_meta_enable_content_width":"off","neve_meta_content_width":100,"neve_meta_title_alignment":"","neve_meta_author_avatar":"","neve_post_elements_order":"","neve_meta_disable_header":"","neve_meta_disable_footer":"","neve_meta_disable_title":"","_themeisle_gutenberg_block_has_review":false},"product_brand":[],"product_cat":[60],"product_tag":[],"class_list":{"0":"post-1836","1":"product","2":"type-product","3":"status-publish","4":"has-post-thumbnail","6":"product_cat-tankkaus","8":"first","9":"instock","10":"taxable","11":"shipping-taxable","12":"purchasable","13":"product-type-simple"},"supplier_id":null,"supplier_sku":"","barcode":null,"atum_controlled":true,"out_stock_date":null,"out_stock_threshold":null,"inheritable":false,"inbound_stock":0,"stock_on_hold":0,"sold_today":0,"sales_last_days":0,"reserved_stock":0,"customer_returns":0,"warehouse_damage":0,"lost_in_post":0,"other_logs":0,"out_stock_days":0,"lost_sales":0,"has_location":false,"update_date":"2026-04-21T00:15:27","atum_locations":[],"atum_stock_status":"instock","restock_status":false,"low_stock_amount":"","sales_update_date":"2026-04-21T00:15:27","calc_backorders":null,"aioseo_notices":[],"_links":{"self":[{"href":"https:\/\/www.jimport.fi\/index.php\/wp-json\/wp\/v2\/product\/1836","targetHints":{"allow":["GET"]}}],"collection":[{"href":"https:\/\/www.jimport.fi\/index.php\/wp-json\/wp\/v2\/product"}],"about":[{"href":"https:\/\/www.jimport.fi\/index.php\/wp-json\/wp\/v2\/types\/product"}],"version-history":[{"count":5,"href":"https:\/\/www.jimport.fi\/index.php\/wp-json\/wp\/v2\/product\/1836\/revisions"}],"predecessor-version":[{"id":5126,"href":"https:\/\/www.jimport.fi\/index.php\/wp-json\/wp\/v2\/product\/1836\/revisions\/5126"}],"wp:featuredmedia":[{"embeddable":true,"href":"https:\/\/www.jimport.fi\/index.php\/wp-json\/wp\/v2\/media\/1837"}],"wp:attachment":[{"href":"https:\/\/www.jimport.fi\/index.php\/wp-json\/wp\/v2\/media?parent=1836"}],"wp:term":[{"taxonomy":"product_brand","embeddable":true,"href":"https:\/\/www.jimport.fi\/index.php\/wp-json\/wp\/v2\/product_brand?post=1836"},{"taxonomy":"product_cat","embeddable":true,"href":"https:\/\/www.jimport.fi\/index.php\/wp-json\/wp\/v2\/product_cat?post=1836"},{"taxonomy":"product_tag","embeddable":true,"href":"https:\/\/www.jimport.fi\/index.php\/wp-json\/wp\/v2\/product_tag?post=1836"}],"curies":[{"name":"wp","href":"https:\/\/api.w.org\/{rel}","templated":true}]}}