{"id":1839,"date":"2022-06-23T06:47:27","date_gmt":"2022-06-23T06:47:27","guid":{"rendered":"https:\/\/www.jimport.fi\/?post_type=product&#038;p=1839"},"modified":"2026-04-20T09:06:46","modified_gmt":"2026-04-20T06:06:46","slug":"tankkauspumppu-12v-12l-min","status":"publish","type":"product","link":"https:\/\/www.jimport.fi\/index.php\/tuote\/tankkauspumppu-12v-12l-min\/","title":{"rendered":"Tankkauspumppu 12V 12l \/ min"},"content":{"rendered":"<h2>Tuotekuvaus<\/h2>\n<p>12 V: n tankkauspumppua voidaan k\u00e4ytt\u00e4\u00e4 nopeaan diesel tankkaukseen, veden ja ohuiden \u00f6ljyjen siirtoon varastos\u00e4ili\u00f6ist\u00e4 erilaisiin ajoneuvoihin ilman vuotoja.<\/p>\n<p>EI saa k\u00e4ytt\u00e4\u00e4 bensiinin, alkoholin, biodieselin, dieselin korvikkeen tai muun palavan nesteen\/polttoaineen kanssa.<\/p>\n<h3>Tuotteen ominaisuudet<\/h3>\n<ul>\n<li>J\u00e4nnite 12V DC<\/li>\n<li>Soveltuu dieselille, \u00f6ljylle ja vedelle<\/li>\n<li>Virtakytkin + 2 alligaattoripidikett\u00e4<\/li>\n<li>19 mm letkuliit\u00e4nt\u00e4<\/li>\n<li>Keskipakoinen juoksupy\u00f6r\u00e4<\/li>\n<li>Sis\u00e4lt\u00e4\u00e4 3 m letkun<\/li>\n<\/ul>\n<h4>Tekniset tiedot<\/h4>\n<ul>\n<li>Teho: 40W<\/li>\n<li>Kuormittamaton nopeus: 12 000 rpm<\/li>\n<li>Suurin imuhissi: 3 m<\/li>\n<li>Virtausnopeus: jopa 12 l \/ min<\/li>\n<li>Pumpun halkaisija: 37 mm<\/li>\n<li>Johdon pituus: 2,5 m<\/li>\n<\/ul>\n","protected":false},"excerpt":{"rendered":"<p>Tankkauspumppu\u00a0 dieselille\/Mp\u00f6:lle, \u00f6ljyille ja vedelle. 3m letku mukana<\/p>\n","protected":false},"featured_media":1840,"template":"","meta":{"_monsterinsights_skip_tracking":false,"_monsterinsights_sitenote_active":false,"_monsterinsights_sitenote_note":"","_monsterinsights_sitenote_category":0,"neve_meta_sidebar":"","neve_meta_container":"","neve_meta_enable_content_width":"off","neve_meta_content_width":100,"neve_meta_title_alignment":"","neve_meta_author_avatar":"","neve_post_elements_order":"","neve_meta_disable_header":"","neve_meta_disable_footer":"","neve_meta_disable_title":"","_themeisle_gutenberg_block_has_review":false},"product_brand":[],"product_cat":[60],"product_tag":[],"class_list":{"0":"post-1839","1":"product","2":"type-product","3":"status-publish","4":"has-post-thumbnail","6":"product_cat-tankkaus","8":"first","9":"outofstock","10":"taxable","11":"shipping-taxable","12":"purchasable","13":"product-type-simple"},"supplier_id":null,"supplier_sku":"","barcode":null,"atum_controlled":true,"out_stock_date":"2026-04-20 09:06:46","out_stock_threshold":null,"inheritable":false,"inbound_stock":0,"stock_on_hold":0,"sold_today":0,"sales_last_days":1,"reserved_stock":0,"customer_returns":0,"warehouse_damage":0,"lost_in_post":0,"other_logs":0,"out_stock_days":7,"lost_sales":19,"has_location":false,"update_date":"2026-04-28T00:30:59","atum_locations":[],"atum_stock_status":"outofstock","restock_status":false,"low_stock_amount":"","sales_update_date":"2026-04-28T00:30:59","calc_backorders":null,"aioseo_notices":[],"_links":{"self":[{"href":"https:\/\/www.jimport.fi\/index.php\/wp-json\/wp\/v2\/product\/1839","targetHints":{"allow":["GET"]}}],"collection":[{"href":"https:\/\/www.jimport.fi\/index.php\/wp-json\/wp\/v2\/product"}],"about":[{"href":"https:\/\/www.jimport.fi\/index.php\/wp-json\/wp\/v2\/types\/product"}],"version-history":[{"count":3,"href":"https:\/\/www.jimport.fi\/index.php\/wp-json\/wp\/v2\/product\/1839\/revisions"}],"predecessor-version":[{"id":5123,"href":"https:\/\/www.jimport.fi\/index.php\/wp-json\/wp\/v2\/product\/1839\/revisions\/5123"}],"wp:featuredmedia":[{"embeddable":true,"href":"https:\/\/www.jimport.fi\/index.php\/wp-json\/wp\/v2\/media\/1840"}],"wp:attachment":[{"href":"https:\/\/www.jimport.fi\/index.php\/wp-json\/wp\/v2\/media?parent=1839"}],"wp:term":[{"taxonomy":"product_brand","embeddable":true,"href":"https:\/\/www.jimport.fi\/index.php\/wp-json\/wp\/v2\/product_brand?post=1839"},{"taxonomy":"product_cat","embeddable":true,"href":"https:\/\/www.jimport.fi\/index.php\/wp-json\/wp\/v2\/product_cat?post=1839"},{"taxonomy":"product_tag","embeddable":true,"href":"https:\/\/www.jimport.fi\/index.php\/wp-json\/wp\/v2\/product_tag?post=1839"}],"curies":[{"name":"wp","href":"https:\/\/api.w.org\/{rel}","templated":true}]}}