{"id":1973,"date":"2022-06-25T06:55:39","date_gmt":"2022-06-25T06:55:39","guid":{"rendered":"https:\/\/www.jimport.fi\/?post_type=product&#038;p=1973"},"modified":"2023-04-28T09:29:11","modified_gmt":"2023-04-28T09:29:11","slug":"tyohanskat-valk-pu-10koko","status":"publish","type":"product","link":"https:\/\/www.jimport.fi\/index.php\/tuote\/tyohanskat-valk-pu-10koko\/","title":{"rendered":"Ty\u00f6hanskat valk.\/PU 10koko"},"content":{"rendered":"<h2>Tuotekuvaus<\/h2>\n<p>Puuvillakankaasta valmistetut suojak\u00e4sineet. Polyuretaanipinnoite (PU) maksimaalista viiltosuojausta varten. Joustava neulottu ranneke auttaa pit\u00e4m\u00e4\u00e4n k\u00e4sineen paikallaan.<\/p>\n<h3>Tuotteen ominaisuudet<\/h3>\n<ul>\n<li>Koko: 10<\/li>\n<li>v\u00e4ri: musta<\/li>\n<li>kulutusta kest\u00e4v\u00e4<\/li>\n<li>hengitt\u00e4v\u00e4 vuori<\/li>\n<li>kest\u00e4v\u00e4 PU-pinnoite<\/li>\n<li>materiaali: puuvillakangas, polyuretaani<\/li>\n<\/ul>\n","protected":false},"excerpt":{"rendered":"<p>Puuvillak\u00e4sineet polyuretaani pinnalla\/pari<\/p>\n","protected":false},"featured_media":1974,"template":"","meta":{"_monsterinsights_skip_tracking":false,"_monsterinsights_sitenote_active":false,"_monsterinsights_sitenote_note":"","_monsterinsights_sitenote_category":0,"neve_meta_sidebar":"","neve_meta_container":"","neve_meta_enable_content_width":"off","neve_meta_content_width":100,"neve_meta_title_alignment":"","neve_meta_author_avatar":"","neve_post_elements_order":"","neve_meta_disable_header":"","neve_meta_disable_footer":"","neve_meta_disable_title":"","_themeisle_gutenberg_block_has_review":false},"product_brand":[],"product_cat":[94],"product_tag":[],"class_list":{"0":"post-1973","1":"product","2":"type-product","3":"status-publish","4":"has-post-thumbnail","6":"product_cat-tyohanskat","8":"first","9":"instock","10":"taxable","11":"shipping-taxable","12":"purchasable","13":"product-type-simple"},"supplier_id":null,"supplier_sku":"","barcode":null,"atum_controlled":true,"out_stock_date":null,"out_stock_threshold":null,"inheritable":false,"inbound_stock":0,"stock_on_hold":0,"sold_today":0,"sales_last_days":0,"reserved_stock":0,"customer_returns":0,"warehouse_damage":0,"lost_in_post":0,"other_logs":0,"out_stock_days":0,"lost_sales":0,"has_location":false,"update_date":"2026-04-05T03:21:52","atum_locations":[],"atum_stock_status":"instock","restock_status":false,"low_stock_amount":"","sales_update_date":"2026-04-05T03:21:52","calc_backorders":null,"aioseo_notices":[],"_links":{"self":[{"href":"https:\/\/www.jimport.fi\/index.php\/wp-json\/wp\/v2\/product\/1973","targetHints":{"allow":["GET"]}}],"collection":[{"href":"https:\/\/www.jimport.fi\/index.php\/wp-json\/wp\/v2\/product"}],"about":[{"href":"https:\/\/www.jimport.fi\/index.php\/wp-json\/wp\/v2\/types\/product"}],"version-history":[{"count":3,"href":"https:\/\/www.jimport.fi\/index.php\/wp-json\/wp\/v2\/product\/1973\/revisions"}],"predecessor-version":[{"id":5045,"href":"https:\/\/www.jimport.fi\/index.php\/wp-json\/wp\/v2\/product\/1973\/revisions\/5045"}],"wp:featuredmedia":[{"embeddable":true,"href":"https:\/\/www.jimport.fi\/index.php\/wp-json\/wp\/v2\/media\/1974"}],"wp:attachment":[{"href":"https:\/\/www.jimport.fi\/index.php\/wp-json\/wp\/v2\/media?parent=1973"}],"wp:term":[{"taxonomy":"product_brand","embeddable":true,"href":"https:\/\/www.jimport.fi\/index.php\/wp-json\/wp\/v2\/product_brand?post=1973"},{"taxonomy":"product_cat","embeddable":true,"href":"https:\/\/www.jimport.fi\/index.php\/wp-json\/wp\/v2\/product_cat?post=1973"},{"taxonomy":"product_tag","embeddable":true,"href":"https:\/\/www.jimport.fi\/index.php\/wp-json\/wp\/v2\/product_tag?post=1973"}],"curies":[{"name":"wp","href":"https:\/\/api.w.org\/{rel}","templated":true}]}}