{"id":2020,"date":"2022-06-25T12:08:22","date_gmt":"2022-06-25T12:08:22","guid":{"rendered":"https:\/\/www.jimport.fi\/?post_type=product&#038;p=2020"},"modified":"2023-06-26T16:00:45","modified_gmt":"2023-06-26T16:00:45","slug":"vastakierre-poraussarja-4os","status":"publish","type":"product","link":"https:\/\/www.jimport.fi\/index.php\/tuote\/vastakierre-poraussarja-4os\/","title":{"rendered":"Ruuvinpoistosarja 4os"},"content":{"rendered":"<p>Pora on ns. v\u00e4\u00e4r\u00e4nk\u00e4tinen eli vastap\u00e4iv\u00e4\u00e4n porataan vioittunut ruuvinkanta ja ruuvi saattaa irrota jo sill\u00e4. Sitten k\u00e4\u00e4nnet\u00e4\u00e4n ja otetaan vastakierre p\u00e4\u00e4ll\u00e4 ruuvi pois<\/p>\n","protected":false},"excerpt":{"rendered":"<p>Ruuvinpoistosarja mulkkaantuneiden ruuvien poistoon<\/p>\n","protected":false},"featured_media":2021,"template":"","meta":{"_monsterinsights_skip_tracking":false,"_monsterinsights_sitenote_active":false,"_monsterinsights_sitenote_note":"","_monsterinsights_sitenote_category":0,"neve_meta_sidebar":"","neve_meta_container":"","neve_meta_enable_content_width":"off","neve_meta_content_width":100,"neve_meta_title_alignment":"","neve_meta_author_avatar":"","neve_post_elements_order":"","neve_meta_disable_header":"","neve_meta_disable_footer":"","neve_meta_disable_title":"","_themeisle_gutenberg_block_has_review":false},"product_brand":[],"product_cat":[56],"product_tag":[],"class_list":{"0":"post-2020","1":"product","2":"type-product","3":"status-publish","4":"has-post-thumbnail","6":"product_cat-kierteet","8":"first","9":"instock","10":"taxable","11":"shipping-taxable","12":"purchasable","13":"product-type-simple"},"supplier_id":null,"supplier_sku":"","barcode":null,"atum_controlled":true,"out_stock_date":null,"out_stock_threshold":null,"inheritable":false,"inbound_stock":0,"stock_on_hold":0,"sold_today":0,"sales_last_days":0,"reserved_stock":0,"customer_returns":0,"warehouse_damage":0,"lost_in_post":0,"other_logs":0,"out_stock_days":0,"lost_sales":0,"has_location":false,"update_date":"2026-05-13T00:59:52","atum_locations":[],"atum_stock_status":"instock","restock_status":false,"low_stock_amount":"","sales_update_date":"2026-05-13T00:59:52","calc_backorders":null,"aioseo_notices":[],"_links":{"self":[{"href":"https:\/\/www.jimport.fi\/index.php\/wp-json\/wp\/v2\/product\/2020","targetHints":{"allow":["GET"]}}],"collection":[{"href":"https:\/\/www.jimport.fi\/index.php\/wp-json\/wp\/v2\/product"}],"about":[{"href":"https:\/\/www.jimport.fi\/index.php\/wp-json\/wp\/v2\/types\/product"}],"version-history":[{"count":4,"href":"https:\/\/www.jimport.fi\/index.php\/wp-json\/wp\/v2\/product\/2020\/revisions"}],"predecessor-version":[{"id":4281,"href":"https:\/\/www.jimport.fi\/index.php\/wp-json\/wp\/v2\/product\/2020\/revisions\/4281"}],"wp:featuredmedia":[{"embeddable":true,"href":"https:\/\/www.jimport.fi\/index.php\/wp-json\/wp\/v2\/media\/2021"}],"wp:attachment":[{"href":"https:\/\/www.jimport.fi\/index.php\/wp-json\/wp\/v2\/media?parent=2020"}],"wp:term":[{"taxonomy":"product_brand","embeddable":true,"href":"https:\/\/www.jimport.fi\/index.php\/wp-json\/wp\/v2\/product_brand?post=2020"},{"taxonomy":"product_cat","embeddable":true,"href":"https:\/\/www.jimport.fi\/index.php\/wp-json\/wp\/v2\/product_cat?post=2020"},{"taxonomy":"product_tag","embeddable":true,"href":"https:\/\/www.jimport.fi\/index.php\/wp-json\/wp\/v2\/product_tag?post=2020"}],"curies":[{"name":"wp","href":"https:\/\/api.w.org\/{rel}","templated":true}]}}