{"id":3470,"date":"2023-03-07T10:09:21","date_gmt":"2023-03-07T10:09:21","guid":{"rendered":"https:\/\/www.jimport.fi\/?post_type=product&#038;p=3470"},"modified":"2025-03-29T19:10:48","modified_gmt":"2025-03-29T16:10:48","slug":"pdr-lommon-oikaisusarja","status":"publish","type":"product","link":"https:\/\/www.jimport.fi\/index.php\/tuote\/pdr-lommon-oikaisusarja\/","title":{"rendered":"PDR liukuvasarasarja lommojen oikaisuun"},"content":{"rendered":"<p>Homma toimii niin, ett\u00e4 kuumaliimalla laitetaan l\u00e4tki\u00e4 lommokohtaan ja niist\u00e4 nypit\u00e4\u00e4n liukuvasaralla lommo ulos. Lopuksi l\u00e4tk\u00e4 irrotetaan, vaikka l\u00e4mp\u00f6\u00e4 apuna k\u00e4ytt\u00e4en. Mukana my\u00f6s muutama 11mm kuumaliima p\u00f6tk\u00f6.<\/p>\n","protected":false},"excerpt":{"rendered":"<p>Liukuvasarasarja lommojen oikaisuun maalipintaa vahingoittamatta. Geko<\/p>\n","protected":false},"featured_media":3473,"template":"","meta":{"_monsterinsights_skip_tracking":false,"_monsterinsights_sitenote_active":false,"_monsterinsights_sitenote_note":"","_monsterinsights_sitenote_category":0,"neve_meta_sidebar":"","neve_meta_container":"","neve_meta_enable_content_width":"off","neve_meta_content_width":100,"neve_meta_title_alignment":"","neve_meta_author_avatar":"","neve_post_elements_order":"","neve_meta_disable_header":"","neve_meta_disable_footer":"","neve_meta_disable_title":"","_themeisle_gutenberg_block_has_review":false},"product_brand":[],"product_cat":[92],"product_tag":[],"class_list":{"0":"post-3470","1":"product","2":"type-product","3":"status-publish","4":"has-post-thumbnail","6":"product_cat-pdr-valineita","8":"first","9":"instock","10":"taxable","11":"shipping-taxable","12":"purchasable","13":"product-type-simple"},"supplier_id":null,"supplier_sku":"","barcode":null,"atum_controlled":true,"out_stock_date":null,"out_stock_threshold":null,"inheritable":false,"inbound_stock":0,"stock_on_hold":0,"sold_today":0,"sales_last_days":0,"reserved_stock":0,"customer_returns":0,"warehouse_damage":0,"lost_in_post":0,"other_logs":0,"out_stock_days":0,"lost_sales":0,"has_location":false,"update_date":"2026-04-23T00:25:48","atum_locations":[],"atum_stock_status":"instock","restock_status":false,"low_stock_amount":"","sales_update_date":"2026-04-23T00:25:48","calc_backorders":null,"aioseo_notices":[],"_links":{"self":[{"href":"https:\/\/www.jimport.fi\/index.php\/wp-json\/wp\/v2\/product\/3470","targetHints":{"allow":["GET"]}}],"collection":[{"href":"https:\/\/www.jimport.fi\/index.php\/wp-json\/wp\/v2\/product"}],"about":[{"href":"https:\/\/www.jimport.fi\/index.php\/wp-json\/wp\/v2\/types\/product"}],"version-history":[{"count":3,"href":"https:\/\/www.jimport.fi\/index.php\/wp-json\/wp\/v2\/product\/3470\/revisions"}],"predecessor-version":[{"id":4666,"href":"https:\/\/www.jimport.fi\/index.php\/wp-json\/wp\/v2\/product\/3470\/revisions\/4666"}],"wp:featuredmedia":[{"embeddable":true,"href":"https:\/\/www.jimport.fi\/index.php\/wp-json\/wp\/v2\/media\/3473"}],"wp:attachment":[{"href":"https:\/\/www.jimport.fi\/index.php\/wp-json\/wp\/v2\/media?parent=3470"}],"wp:term":[{"taxonomy":"product_brand","embeddable":true,"href":"https:\/\/www.jimport.fi\/index.php\/wp-json\/wp\/v2\/product_brand?post=3470"},{"taxonomy":"product_cat","embeddable":true,"href":"https:\/\/www.jimport.fi\/index.php\/wp-json\/wp\/v2\/product_cat?post=3470"},{"taxonomy":"product_tag","embeddable":true,"href":"https:\/\/www.jimport.fi\/index.php\/wp-json\/wp\/v2\/product_tag?post=3470"}],"curies":[{"name":"wp","href":"https:\/\/api.w.org\/{rel}","templated":true}]}}