{"id":3689,"date":"2023-04-15T07:58:05","date_gmt":"2023-04-15T07:58:05","guid":{"rendered":"https:\/\/www.jimport.fi\/?post_type=product&#038;p=3689"},"modified":"2023-04-15T08:37:40","modified_gmt":"2023-04-15T08:37:40","slug":"laakerin-ulosvetosarja-8-58mm","status":"publish","type":"product","link":"https:\/\/www.jimport.fi\/index.php\/tuote\/laakerin-ulosvetosarja-8-58mm\/","title":{"rendered":"Laakerin ulosvetosarja 8-58mm"},"content":{"rendered":"<p>Sarjassa<\/p>\n<p>-liukuvasara 285mm pituudella ja M10 sis\u00e4kierteell\u00e4 (helppo tehd\u00e4 omia sovitteita)<\/p>\n<p>-laajenevat tartuntap\u00e4\u00e4t\/8-11mm\/12-17mm\/18-23mm\/24-29mm\/30-34mm\/34-38mm\/39-43mm\/44-48mm\/49-53mm\/54-58mm<\/p>\n<p>-3 adapteria M6x1.0\/ M8x1.25\/ M10x1.5<\/p>\n<p>-vetohaarukka<\/p>\n<p>-ylim\u00e4\u00e4r\u00e4inen varatappi expanderi p\u00e4ihin<\/p>\n","protected":false},"excerpt":{"rendered":"<p>Sis\u00e4puolinen ulosvetosarja esim. laakereille. Geko<\/p>\n","protected":false},"featured_media":3693,"template":"","meta":{"_monsterinsights_skip_tracking":false,"_monsterinsights_sitenote_active":false,"_monsterinsights_sitenote_note":"","_monsterinsights_sitenote_category":0,"neve_meta_sidebar":"","neve_meta_container":"","neve_meta_enable_content_width":"off","neve_meta_content_width":100,"neve_meta_title_alignment":"","neve_meta_author_avatar":"","neve_post_elements_order":"","neve_meta_disable_header":"","neve_meta_disable_footer":"","neve_meta_disable_title":"","_themeisle_gutenberg_block_has_review":false},"product_brand":[],"product_cat":[75],"product_tag":[],"class_list":{"0":"post-3689","1":"product","2":"type-product","3":"status-publish","4":"has-post-thumbnail","6":"product_cat-puslien-vaihtoon","8":"first","9":"instock","10":"taxable","11":"shipping-taxable","12":"purchasable","13":"product-type-simple"},"supplier_id":null,"supplier_sku":"","barcode":null,"atum_controlled":true,"out_stock_date":null,"out_stock_threshold":null,"inheritable":false,"inbound_stock":0,"stock_on_hold":0,"sold_today":0,"sales_last_days":0,"reserved_stock":0,"customer_returns":0,"warehouse_damage":0,"lost_in_post":0,"other_logs":0,"out_stock_days":0,"lost_sales":0,"has_location":false,"update_date":"2026-05-13T01:00:11","atum_locations":[],"atum_stock_status":"instock","restock_status":false,"low_stock_amount":"","sales_update_date":"2026-05-13T01:00:11","calc_backorders":null,"aioseo_notices":[],"_links":{"self":[{"href":"https:\/\/www.jimport.fi\/index.php\/wp-json\/wp\/v2\/product\/3689","targetHints":{"allow":["GET"]}}],"collection":[{"href":"https:\/\/www.jimport.fi\/index.php\/wp-json\/wp\/v2\/product"}],"about":[{"href":"https:\/\/www.jimport.fi\/index.php\/wp-json\/wp\/v2\/types\/product"}],"version-history":[{"count":2,"href":"https:\/\/www.jimport.fi\/index.php\/wp-json\/wp\/v2\/product\/3689\/revisions"}],"predecessor-version":[{"id":3708,"href":"https:\/\/www.jimport.fi\/index.php\/wp-json\/wp\/v2\/product\/3689\/revisions\/3708"}],"wp:featuredmedia":[{"embeddable":true,"href":"https:\/\/www.jimport.fi\/index.php\/wp-json\/wp\/v2\/media\/3693"}],"wp:attachment":[{"href":"https:\/\/www.jimport.fi\/index.php\/wp-json\/wp\/v2\/media?parent=3689"}],"wp:term":[{"taxonomy":"product_brand","embeddable":true,"href":"https:\/\/www.jimport.fi\/index.php\/wp-json\/wp\/v2\/product_brand?post=3689"},{"taxonomy":"product_cat","embeddable":true,"href":"https:\/\/www.jimport.fi\/index.php\/wp-json\/wp\/v2\/product_cat?post=3689"},{"taxonomy":"product_tag","embeddable":true,"href":"https:\/\/www.jimport.fi\/index.php\/wp-json\/wp\/v2\/product_tag?post=3689"}],"curies":[{"name":"wp","href":"https:\/\/api.w.org\/{rel}","templated":true}]}}