{"id":3695,"date":"2023-04-15T08:08:30","date_gmt":"2023-04-15T08:08:30","guid":{"rendered":"https:\/\/www.jimport.fi\/?post_type=product&#038;p=3695"},"modified":"2025-08-04T14:59:06","modified_gmt":"2025-08-04T11:59:06","slug":"kannentiivisteen-vuototesti","status":"publish","type":"product","link":"https:\/\/www.jimport.fi\/index.php\/tuote\/kannentiivisteen-vuototesti\/","title":{"rendered":"Kannentiiviste vuototesti"},"content":{"rendered":"<p>En\u00e4\u00e4 alkeellisemmaksi ei kannentiivisteen vuototesteri voi menn\u00e4 ja vesilukon voi hy\u00f6dynt\u00e4\u00e4 vaikka kiljup\u00f6ntt\u00f6\u00f6n, kun tuo merkkiaine loppuu. Toimintaperiaate on laittaa tuo vesilukko syyl\u00e4rin korkin paikalle ja sen\u00a0 sis\u00e4lle laitetaan tuota sinist\u00e4 merkkiainetta, ja jos auton k\u00e4ydess\u00e4 j\u00e4\u00e4hdytysj\u00e4rjestelm\u00e4n kautta tulee pakokaasuja, merkkiaine muuttaa v\u00e4ri\u00e4. Ainetta pit\u00e4isi riitt\u00e4\u00e4 25 k\u00e4ytt\u00f6kertaan (enemm\u00e4nkin, jos k\u00e4ytt\u00e4\u00e4 saman uudelleen)<\/p>\n","protected":false},"excerpt":{"rendered":"<p>Edullinen kannentiivisteen vuototestaussarja<\/p>\n","protected":false},"featured_media":3697,"template":"","meta":{"_monsterinsights_skip_tracking":false,"_monsterinsights_sitenote_active":false,"_monsterinsights_sitenote_note":"","_monsterinsights_sitenote_category":0,"neve_meta_sidebar":"","neve_meta_container":"","neve_meta_enable_content_width":"off","neve_meta_content_width":100,"neve_meta_title_alignment":"","neve_meta_author_avatar":"","neve_post_elements_order":"","neve_meta_disable_header":"","neve_meta_disable_footer":"","neve_meta_disable_title":"","_themeisle_gutenberg_block_has_review":false},"product_brand":[],"product_cat":[77],"product_tag":[],"class_list":{"0":"post-3695","1":"product","2":"type-product","3":"status-publish","4":"has-post-thumbnail","6":"product_cat-vianselvitys","8":"first","9":"outofstock","10":"taxable","11":"shipping-taxable","12":"purchasable","13":"product-type-simple"},"supplier_id":null,"supplier_sku":"","barcode":null,"atum_controlled":true,"out_stock_date":"2025-08-04 14:59:06","out_stock_threshold":null,"inheritable":false,"inbound_stock":0,"stock_on_hold":0,"sold_today":0,"sales_last_days":0,"reserved_stock":0,"customer_returns":0,"warehouse_damage":0,"lost_in_post":0,"other_logs":0,"out_stock_days":265,"lost_sales":454,"has_location":false,"update_date":"2026-04-27T00:28:48","atum_locations":[],"atum_stock_status":"outofstock","restock_status":false,"low_stock_amount":"","sales_update_date":"2026-04-27T00:28:48","calc_backorders":null,"aioseo_notices":[],"_links":{"self":[{"href":"https:\/\/www.jimport.fi\/index.php\/wp-json\/wp\/v2\/product\/3695","targetHints":{"allow":["GET"]}}],"collection":[{"href":"https:\/\/www.jimport.fi\/index.php\/wp-json\/wp\/v2\/product"}],"about":[{"href":"https:\/\/www.jimport.fi\/index.php\/wp-json\/wp\/v2\/types\/product"}],"version-history":[{"count":4,"href":"https:\/\/www.jimport.fi\/index.php\/wp-json\/wp\/v2\/product\/3695\/revisions"}],"predecessor-version":[{"id":3949,"href":"https:\/\/www.jimport.fi\/index.php\/wp-json\/wp\/v2\/product\/3695\/revisions\/3949"}],"wp:featuredmedia":[{"embeddable":true,"href":"https:\/\/www.jimport.fi\/index.php\/wp-json\/wp\/v2\/media\/3697"}],"wp:attachment":[{"href":"https:\/\/www.jimport.fi\/index.php\/wp-json\/wp\/v2\/media?parent=3695"}],"wp:term":[{"taxonomy":"product_brand","embeddable":true,"href":"https:\/\/www.jimport.fi\/index.php\/wp-json\/wp\/v2\/product_brand?post=3695"},{"taxonomy":"product_cat","embeddable":true,"href":"https:\/\/www.jimport.fi\/index.php\/wp-json\/wp\/v2\/product_cat?post=3695"},{"taxonomy":"product_tag","embeddable":true,"href":"https:\/\/www.jimport.fi\/index.php\/wp-json\/wp\/v2\/product_tag?post=3695"}],"curies":[{"name":"wp","href":"https:\/\/api.w.org\/{rel}","templated":true}]}}