{"id":3725,"date":"2023-04-15T12:30:10","date_gmt":"2023-04-15T12:30:10","guid":{"rendered":"https:\/\/www.jimport.fi\/?post_type=product&#038;p=3725"},"modified":"2025-06-13T18:00:06","modified_gmt":"2025-06-13T15:00:06","slug":"paateholkkilajitelma-1200kpl","status":"publish","type":"product","link":"https:\/\/www.jimport.fi\/index.php\/tuote\/paateholkkilajitelma-1200kpl\/","title":{"rendered":"P\u00e4\u00e4teholkkilajitelma 1200kpl"},"content":{"rendered":"<p>Tarkoitettu k\u00e4ytett\u00e4v\u00e4ksi monis\u00e4ikeisten johtojen p\u00e4iss\u00e4, asennettaessa niit\u00e4 ruuvattaviin liittimiin ym. Suositellaan p\u00e4\u00e4teholkkipuristinta, mutta voi k\u00e4ytt\u00e4\u00e4 tavallisia pihtej\u00e4kin.<\/p>\n<p><strong>\u00a00.5 x 8mm<\/strong> &#8211; 200 kpl<\/p>\n<p><strong>0.75 x 8mm<\/strong> &#8211; 200 kpl<\/p>\n<p><strong>1.0 x 8mm<\/strong> &#8211; 200 kpl<\/p>\n<p><strong>1.5 x 8mm<\/strong> &#8211; 250 kpl<\/p>\n<p><strong>2.5 x 8mm<\/strong> &#8211; 250 kpl<\/p>\n<p><strong>\u00a04.0 x 9mm<\/strong> &#8211; 50 kpl<\/p>\n<p><strong>6.0 x 12mm<\/strong> &#8211; 25 kpl<\/p>\n<p><strong>10.0 x 12mm<\/strong> &#8211; 25 kpl<\/p>\n","protected":false},"excerpt":{"rendered":"<p>P\u00e4\u00e4teholkkeja johtojen varmaan liitt\u00e4miseen ruuviterminaaleihin ym. Geko<\/p>\n","protected":false},"featured_media":3726,"template":"","meta":{"_monsterinsights_skip_tracking":false,"_monsterinsights_sitenote_active":false,"_monsterinsights_sitenote_note":"","_monsterinsights_sitenote_category":0,"neve_meta_sidebar":"","neve_meta_container":"","neve_meta_enable_content_width":"off","neve_meta_content_width":100,"neve_meta_title_alignment":"","neve_meta_author_avatar":"","neve_post_elements_order":"","neve_meta_disable_header":"","neve_meta_disable_footer":"","neve_meta_disable_title":"","_themeisle_gutenberg_block_has_review":false},"product_brand":[],"product_cat":[57,51],"product_tag":[],"class_list":{"0":"post-3725","1":"product","2":"type-product","3":"status-publish","4":"has-post-thumbnail","6":"product_cat-lajitelmat","7":"product_cat-sahkotyokalut","9":"first","10":"instock","11":"taxable","12":"shipping-taxable","13":"purchasable","14":"product-type-simple"},"supplier_id":null,"supplier_sku":"","barcode":null,"atum_controlled":true,"out_stock_date":null,"out_stock_threshold":null,"inheritable":false,"inbound_stock":0,"stock_on_hold":0,"sold_today":0,"sales_last_days":0,"reserved_stock":0,"customer_returns":0,"warehouse_damage":0,"lost_in_post":0,"other_logs":0,"out_stock_days":0,"lost_sales":0,"has_location":false,"update_date":"2026-04-18T00:02:11","atum_locations":[],"atum_stock_status":"instock","restock_status":false,"low_stock_amount":"","sales_update_date":"2026-04-18T00:02:11","calc_backorders":null,"aioseo_notices":[],"_links":{"self":[{"href":"https:\/\/www.jimport.fi\/index.php\/wp-json\/wp\/v2\/product\/3725","targetHints":{"allow":["GET"]}}],"collection":[{"href":"https:\/\/www.jimport.fi\/index.php\/wp-json\/wp\/v2\/product"}],"about":[{"href":"https:\/\/www.jimport.fi\/index.php\/wp-json\/wp\/v2\/types\/product"}],"version-history":[{"count":1,"href":"https:\/\/www.jimport.fi\/index.php\/wp-json\/wp\/v2\/product\/3725\/revisions"}],"predecessor-version":[{"id":3727,"href":"https:\/\/www.jimport.fi\/index.php\/wp-json\/wp\/v2\/product\/3725\/revisions\/3727"}],"wp:featuredmedia":[{"embeddable":true,"href":"https:\/\/www.jimport.fi\/index.php\/wp-json\/wp\/v2\/media\/3726"}],"wp:attachment":[{"href":"https:\/\/www.jimport.fi\/index.php\/wp-json\/wp\/v2\/media?parent=3725"}],"wp:term":[{"taxonomy":"product_brand","embeddable":true,"href":"https:\/\/www.jimport.fi\/index.php\/wp-json\/wp\/v2\/product_brand?post=3725"},{"taxonomy":"product_cat","embeddable":true,"href":"https:\/\/www.jimport.fi\/index.php\/wp-json\/wp\/v2\/product_cat?post=3725"},{"taxonomy":"product_tag","embeddable":true,"href":"https:\/\/www.jimport.fi\/index.php\/wp-json\/wp\/v2\/product_tag?post=3725"}],"curies":[{"name":"wp","href":"https:\/\/api.w.org\/{rel}","templated":true}]}}