{"id":3757,"date":"2023-04-16T09:04:58","date_gmt":"2023-04-16T09:04:58","guid":{"rendered":"https:\/\/www.jimport.fi\/?post_type=product&#038;p=3757"},"modified":"2026-02-12T13:11:23","modified_gmt":"2026-02-12T10:11:23","slug":"automaattisesti-tummuva-hitsauslasi","status":"publish","type":"product","link":"https:\/\/www.jimport.fi\/index.php\/tuote\/automaattisesti-tummuva-hitsauslasi\/","title":{"rendered":"Automaattisesti tummuva hitsauslasi"},"content":{"rendered":"<p>T\u00e4ll\u00e4 voi korjata rikkoutuneen automaattimaskin tai voi p\u00e4ivitt\u00e4\u00e4, jos on ennest\u00e4\u00e4n hyv\u00e4 maski, mutta kaipaa automaattitoimintoa. Mitat 9cm x 11cm. Kuvasta poiketen mukana my\u00f6s nuppi ja asteikko s\u00e4\u00e4timeen. Toimii aurinkokennolla joka tekee virran valokaaren tuottamasta s\u00e4teilyst\u00e4. Paristo 2032 mukana<\/p>\n","protected":false},"excerpt":{"rendered":"<p>Varalasi automaattimaskiin tai tavallisen p\u00e4ivitykseen<\/p>\n","protected":false},"featured_media":3759,"template":"","meta":{"_monsterinsights_skip_tracking":false,"_monsterinsights_sitenote_active":false,"_monsterinsights_sitenote_note":"","_monsterinsights_sitenote_category":0,"neve_meta_sidebar":"","neve_meta_container":"","neve_meta_enable_content_width":"off","neve_meta_content_width":100,"neve_meta_title_alignment":"","neve_meta_author_avatar":"","neve_post_elements_order":"","neve_meta_disable_header":"","neve_meta_disable_footer":"","neve_meta_disable_title":"","_themeisle_gutenberg_block_has_review":false},"product_brand":[],"product_cat":[141,96],"product_tag":[],"class_list":{"0":"post-3757","1":"product","2":"type-product","3":"status-publish","4":"has-post-thumbnail","6":"product_cat-hitsaus","7":"product_cat-hitsausmaskit","9":"first","10":"instock","11":"taxable","12":"shipping-taxable","13":"purchasable","14":"product-type-simple"},"supplier_id":null,"supplier_sku":"","barcode":null,"atum_controlled":true,"out_stock_date":null,"out_stock_threshold":null,"inheritable":false,"inbound_stock":0,"stock_on_hold":0,"sold_today":0,"sales_last_days":0,"reserved_stock":0,"customer_returns":0,"warehouse_damage":0,"lost_in_post":0,"other_logs":0,"out_stock_days":0,"lost_sales":0,"has_location":false,"update_date":"2026-04-21T00:15:28","atum_locations":[],"atum_stock_status":"instock","restock_status":false,"low_stock_amount":"","sales_update_date":"2026-04-21T00:15:28","calc_backorders":null,"aioseo_notices":[],"_links":{"self":[{"href":"https:\/\/www.jimport.fi\/index.php\/wp-json\/wp\/v2\/product\/3757","targetHints":{"allow":["GET"]}}],"collection":[{"href":"https:\/\/www.jimport.fi\/index.php\/wp-json\/wp\/v2\/product"}],"about":[{"href":"https:\/\/www.jimport.fi\/index.php\/wp-json\/wp\/v2\/types\/product"}],"version-history":[{"count":3,"href":"https:\/\/www.jimport.fi\/index.php\/wp-json\/wp\/v2\/product\/3757\/revisions"}],"predecessor-version":[{"id":3763,"href":"https:\/\/www.jimport.fi\/index.php\/wp-json\/wp\/v2\/product\/3757\/revisions\/3763"}],"wp:featuredmedia":[{"embeddable":true,"href":"https:\/\/www.jimport.fi\/index.php\/wp-json\/wp\/v2\/media\/3759"}],"wp:attachment":[{"href":"https:\/\/www.jimport.fi\/index.php\/wp-json\/wp\/v2\/media?parent=3757"}],"wp:term":[{"taxonomy":"product_brand","embeddable":true,"href":"https:\/\/www.jimport.fi\/index.php\/wp-json\/wp\/v2\/product_brand?post=3757"},{"taxonomy":"product_cat","embeddable":true,"href":"https:\/\/www.jimport.fi\/index.php\/wp-json\/wp\/v2\/product_cat?post=3757"},{"taxonomy":"product_tag","embeddable":true,"href":"https:\/\/www.jimport.fi\/index.php\/wp-json\/wp\/v2\/product_tag?post=3757"}],"curies":[{"name":"wp","href":"https:\/\/api.w.org\/{rel}","templated":true}]}}