{"id":486,"date":"2022-06-07T16:00:28","date_gmt":"2022-06-07T16:00:28","guid":{"rendered":"https:\/\/www.jimport.fi\/?post_type=product&#038;p=486"},"modified":"2025-05-14T13:15:53","modified_gmt":"2025-05-14T10:15:53","slug":"endoskooppi","status":"publish","type":"product","link":"https:\/\/www.jimport.fi\/index.php\/tuote\/endoskooppi\/","title":{"rendered":"Endoskooppi USB\/Mikro USB"},"content":{"rendered":"<p>K\u00e4yt\u00e4nn\u00f6llinen kapistus kaikenlaiseen tirkistelyyn ja tarkisteluun.<\/p>\n<p>Voi laittaa vaikka vanhan puhelimen hy\u00f6tyk\u00e4ytt\u00f6\u00f6n (sovelluksia saa play kaupasta ilmaiseksi). Tietokonetta varten ohjelma mukana. Led valot p\u00e4\u00e4ss\u00e4.<\/p>\n<h2>Tuotekuvaus<\/h2>\n<h4>Tekniset tiedot<\/h4>\n<ul>\n<li>Liit\u00e4nt\u00e4: USB 2.0<\/li>\n<li>Resoluutio: 640 x 480 pikseli\u00e4<\/li>\n<li>Kuvakulma:\u00a0 66\u00b0<\/li>\n<li>Kameran akselin halkaisija: 5,5 mm<\/li>\n<li>Tarkennus: 4 cm:st\u00e4 alkaen<\/li>\n<li>Suojaus: IP67<\/li>\n<li>Kokonaispituus: 2 m<\/li>\n<li>Valo: 6 LED-diodia<\/li>\n<li>Virtal\u00e4hde: USB \/ micro-USB-portista<\/li>\n<\/ul>\n","protected":false},"excerpt":{"rendered":"<p>Tarkistuskamera \u00e4lypuhelimeen tai tietokoneeseen. USB 2.0\/micro usb<\/p>\n","protected":false},"featured_media":487,"template":"","meta":{"_monsterinsights_skip_tracking":false,"_monsterinsights_sitenote_active":false,"_monsterinsights_sitenote_note":"","_monsterinsights_sitenote_category":0,"neve_meta_sidebar":"","neve_meta_container":"","neve_meta_enable_content_width":"off","neve_meta_content_width":100,"neve_meta_title_alignment":"","neve_meta_author_avatar":"","neve_post_elements_order":"","neve_meta_disable_header":"","neve_meta_disable_footer":"","neve_meta_disable_title":"","_themeisle_gutenberg_block_has_review":false},"product_brand":[],"product_cat":[77],"product_tag":[],"class_list":{"0":"post-486","1":"product","2":"type-product","3":"status-publish","4":"has-post-thumbnail","6":"product_cat-vianselvitys","8":"first","9":"instock","10":"sale","11":"taxable","12":"shipping-taxable","13":"purchasable","14":"product-type-simple"},"supplier_id":null,"supplier_sku":"","barcode":null,"atum_controlled":true,"out_stock_date":null,"out_stock_threshold":null,"inheritable":false,"inbound_stock":0,"stock_on_hold":0,"sold_today":0,"sales_last_days":0,"reserved_stock":0,"customer_returns":0,"warehouse_damage":0,"lost_in_post":0,"other_logs":0,"out_stock_days":0,"lost_sales":0,"has_location":false,"update_date":"2026-04-16T00:01:19","atum_locations":[],"atum_stock_status":"instock","restock_status":false,"low_stock_amount":"","sales_update_date":"2026-04-16T00:01:19","calc_backorders":null,"aioseo_notices":[],"_links":{"self":[{"href":"https:\/\/www.jimport.fi\/index.php\/wp-json\/wp\/v2\/product\/486","targetHints":{"allow":["GET"]}}],"collection":[{"href":"https:\/\/www.jimport.fi\/index.php\/wp-json\/wp\/v2\/product"}],"about":[{"href":"https:\/\/www.jimport.fi\/index.php\/wp-json\/wp\/v2\/types\/product"}],"version-history":[{"count":4,"href":"https:\/\/www.jimport.fi\/index.php\/wp-json\/wp\/v2\/product\/486\/revisions"}],"predecessor-version":[{"id":6364,"href":"https:\/\/www.jimport.fi\/index.php\/wp-json\/wp\/v2\/product\/486\/revisions\/6364"}],"wp:featuredmedia":[{"embeddable":true,"href":"https:\/\/www.jimport.fi\/index.php\/wp-json\/wp\/v2\/media\/487"}],"wp:attachment":[{"href":"https:\/\/www.jimport.fi\/index.php\/wp-json\/wp\/v2\/media?parent=486"}],"wp:term":[{"taxonomy":"product_brand","embeddable":true,"href":"https:\/\/www.jimport.fi\/index.php\/wp-json\/wp\/v2\/product_brand?post=486"},{"taxonomy":"product_cat","embeddable":true,"href":"https:\/\/www.jimport.fi\/index.php\/wp-json\/wp\/v2\/product_cat?post=486"},{"taxonomy":"product_tag","embeddable":true,"href":"https:\/\/www.jimport.fi\/index.php\/wp-json\/wp\/v2\/product_tag?post=486"}],"curies":[{"name":"wp","href":"https:\/\/api.w.org\/{rel}","templated":true}]}}