{"id":545,"date":"2022-06-08T09:08:32","date_gmt":"2022-06-08T09:08:32","guid":{"rendered":"https:\/\/www.jimport.fi\/?post_type=product&#038;p=545"},"modified":"2024-12-20T13:15:20","modified_gmt":"2024-12-20T10:15:20","slug":"hitsausmaski-automaattinen-2","status":"publish","type":"product","link":"https:\/\/www.jimport.fi\/index.php\/tuote\/hitsausmaski-automaattinen-2\/","title":{"rendered":"Hitsausmaski automaattinen"},"content":{"rendered":"<p>Helpommaksi ei en\u00e4\u00e4 maskin k\u00e4ytt\u00f6 voi menn\u00e4. Lasi tummuu v\u00e4litt\u00f6m\u00e4sti valokaaren sytytty\u00e4 ja kirkastuu v\u00e4litt\u00f6m\u00e4sti sen sammuttua.<\/p>\n<p>Toimintoa saa s\u00e4\u00e4detty\u00e4.<\/p>\n","protected":false},"excerpt":{"rendered":"<p>Edullinen perusmallin automaattihitsausmaski. Keltin<\/p>\n","protected":false},"featured_media":546,"template":"","meta":{"_monsterinsights_skip_tracking":false,"_monsterinsights_sitenote_active":false,"_monsterinsights_sitenote_note":"","_monsterinsights_sitenote_category":0,"neve_meta_sidebar":"","neve_meta_container":"","neve_meta_enable_content_width":"off","neve_meta_content_width":100,"neve_meta_title_alignment":"","neve_meta_author_avatar":"","neve_post_elements_order":"","neve_meta_disable_header":"","neve_meta_disable_footer":"","neve_meta_disable_title":"","_themeisle_gutenberg_block_has_review":false},"product_brand":[],"product_cat":[141,96],"product_tag":[],"class_list":{"0":"post-545","1":"product","2":"type-product","3":"status-publish","4":"has-post-thumbnail","6":"product_cat-hitsaus","7":"product_cat-hitsausmaskit","9":"first","10":"instock","11":"taxable","12":"shipping-taxable","13":"purchasable","14":"product-type-simple"},"supplier_id":null,"supplier_sku":"","barcode":null,"atum_controlled":true,"out_stock_date":null,"out_stock_threshold":null,"inheritable":false,"inbound_stock":0,"stock_on_hold":0,"sold_today":0,"sales_last_days":0,"reserved_stock":0,"customer_returns":0,"warehouse_damage":0,"lost_in_post":0,"other_logs":0,"out_stock_days":0,"lost_sales":0,"has_location":false,"update_date":"2026-04-21T00:15:35","atum_locations":[],"atum_stock_status":"instock","restock_status":false,"low_stock_amount":"","sales_update_date":"2026-04-21T00:15:35","calc_backorders":null,"aioseo_notices":[],"_links":{"self":[{"href":"https:\/\/www.jimport.fi\/index.php\/wp-json\/wp\/v2\/product\/545","targetHints":{"allow":["GET"]}}],"collection":[{"href":"https:\/\/www.jimport.fi\/index.php\/wp-json\/wp\/v2\/product"}],"about":[{"href":"https:\/\/www.jimport.fi\/index.php\/wp-json\/wp\/v2\/types\/product"}],"version-history":[{"count":2,"href":"https:\/\/www.jimport.fi\/index.php\/wp-json\/wp\/v2\/product\/545\/revisions"}],"predecessor-version":[{"id":6864,"href":"https:\/\/www.jimport.fi\/index.php\/wp-json\/wp\/v2\/product\/545\/revisions\/6864"}],"wp:featuredmedia":[{"embeddable":true,"href":"https:\/\/www.jimport.fi\/index.php\/wp-json\/wp\/v2\/media\/546"}],"wp:attachment":[{"href":"https:\/\/www.jimport.fi\/index.php\/wp-json\/wp\/v2\/media?parent=545"}],"wp:term":[{"taxonomy":"product_brand","embeddable":true,"href":"https:\/\/www.jimport.fi\/index.php\/wp-json\/wp\/v2\/product_brand?post=545"},{"taxonomy":"product_cat","embeddable":true,"href":"https:\/\/www.jimport.fi\/index.php\/wp-json\/wp\/v2\/product_cat?post=545"},{"taxonomy":"product_tag","embeddable":true,"href":"https:\/\/www.jimport.fi\/index.php\/wp-json\/wp\/v2\/product_tag?post=545"}],"curies":[{"name":"wp","href":"https:\/\/api.w.org\/{rel}","templated":true}]}}