{"id":568,"date":"2022-06-08T13:36:28","date_gmt":"2022-06-08T13:36:28","guid":{"rendered":"https:\/\/www.jimport.fi\/?post_type=product&#038;p=568"},"modified":"2023-05-01T06:07:39","modified_gmt":"2023-05-01T06:07:39","slug":"hydraulinen-ulosvetaja-5t","status":"publish","type":"product","link":"https:\/\/www.jimport.fi\/index.php\/tuote\/hydraulinen-ulosvetaja-5t\/","title":{"rendered":"Hydraulinen ulosvet\u00e4j\u00e4 5ton"},"content":{"rendered":"<p>5 tonnin hydraulinen ulosvet\u00e4j\u00e4, jota voi k\u00e4ytt\u00e4\u00e4 2 ja 3 leukaisena. 50-200mm halkaisijoille ja ulottuvuus 140mm (10 tonnisen kuvat, mutta t\u00e4ysin saman n\u00e4k\u00f6inen)<\/p>\n","protected":false},"excerpt":{"rendered":"<p>K\u00e4tev\u00e4sti salkussa kulkeva hydraulinen ulosvet\u00e4j\u00e4<\/p>\n","protected":false},"featured_media":566,"template":"","meta":{"_monsterinsights_skip_tracking":false,"_monsterinsights_sitenote_active":false,"_monsterinsights_sitenote_note":"","_monsterinsights_sitenote_category":0,"neve_meta_sidebar":"","neve_meta_container":"","neve_meta_enable_content_width":"off","neve_meta_content_width":100,"neve_meta_title_alignment":"","neve_meta_author_avatar":"","neve_post_elements_order":"","neve_meta_disable_header":"","neve_meta_disable_footer":"","neve_meta_disable_title":"","_themeisle_gutenberg_block_has_review":false},"product_brand":[],"product_cat":[75],"product_tag":[],"class_list":{"0":"post-568","1":"product","2":"type-product","3":"status-publish","4":"has-post-thumbnail","6":"product_cat-puslien-vaihtoon","8":"first","9":"instock","10":"taxable","11":"shipping-taxable","12":"purchasable","13":"product-type-simple"},"supplier_id":null,"supplier_sku":"","barcode":null,"atum_controlled":true,"out_stock_date":null,"out_stock_threshold":null,"inheritable":false,"inbound_stock":0,"stock_on_hold":0,"sold_today":0,"sales_last_days":0,"reserved_stock":0,"customer_returns":0,"warehouse_damage":0,"lost_in_post":0,"other_logs":0,"out_stock_days":0,"lost_sales":0,"has_location":false,"update_date":"2026-04-16T00:01:21","atum_locations":[],"atum_stock_status":"instock","restock_status":false,"low_stock_amount":"","sales_update_date":"2026-04-16T00:01:21","calc_backorders":null,"aioseo_notices":[],"_links":{"self":[{"href":"https:\/\/www.jimport.fi\/index.php\/wp-json\/wp\/v2\/product\/568","targetHints":{"allow":["GET"]}}],"collection":[{"href":"https:\/\/www.jimport.fi\/index.php\/wp-json\/wp\/v2\/product"}],"about":[{"href":"https:\/\/www.jimport.fi\/index.php\/wp-json\/wp\/v2\/types\/product"}],"version-history":[{"count":4,"href":"https:\/\/www.jimport.fi\/index.php\/wp-json\/wp\/v2\/product\/568\/revisions"}],"predecessor-version":[{"id":4705,"href":"https:\/\/www.jimport.fi\/index.php\/wp-json\/wp\/v2\/product\/568\/revisions\/4705"}],"wp:featuredmedia":[{"embeddable":true,"href":"https:\/\/www.jimport.fi\/index.php\/wp-json\/wp\/v2\/media\/566"}],"wp:attachment":[{"href":"https:\/\/www.jimport.fi\/index.php\/wp-json\/wp\/v2\/media?parent=568"}],"wp:term":[{"taxonomy":"product_brand","embeddable":true,"href":"https:\/\/www.jimport.fi\/index.php\/wp-json\/wp\/v2\/product_brand?post=568"},{"taxonomy":"product_cat","embeddable":true,"href":"https:\/\/www.jimport.fi\/index.php\/wp-json\/wp\/v2\/product_cat?post=568"},{"taxonomy":"product_tag","embeddable":true,"href":"https:\/\/www.jimport.fi\/index.php\/wp-json\/wp\/v2\/product_tag?post=568"}],"curies":[{"name":"wp","href":"https:\/\/api.w.org\/{rel}","templated":true}]}}