{"id":583,"date":"2022-06-08T15:58:55","date_gmt":"2022-06-08T15:58:55","guid":{"rendered":"https:\/\/www.jimport.fi\/?post_type=product&#038;p=583"},"modified":"2026-02-26T19:47:40","modified_gmt":"2026-02-26T16:47:40","slug":"hylsysarja-tyokaluvaunuun-80os","status":"publish","type":"product","link":"https:\/\/www.jimport.fi\/index.php\/tuote\/hylsysarja-tyokaluvaunuun-80os\/","title":{"rendered":"R\u00e4ikk\u00e4sarja ty\u00f6kaluvaunuun 80os"},"content":{"rendered":"<ul>\n<li>Sis\u00e4lt\u00e4\u00e4<\/li>\n<li>1\/2&#8243; hylsyt (L=36mm): 8, 9, 10, 11, 12, 13, 14, 15, 17, 19, 20, 21, 22, 24, 27, 30, 32 mm<\/li>\n<li>3\/8&#8243; hylsyt (L=26mm): 6, 8, 10, 11, 12, 13, 14, 15, 17, 19 mm<\/li>\n<li>1\/4&#8243; hylsyt (L=20mm): 4, 4.5, 5, 5.5, 6, 7, 8, 9, 10, 11, 12, 13, 14 mm<\/li>\n<li>1\/4&#8243; pitk\u00e4t hylsyt (L=48mm): 5, 6, 7, 8, 9, 10, 11, 12, 13, 14 mm<\/li>\n<li>3\/8&#8243; pitk\u00e4t hylsyt (L=65mm): 6, 8, 9, 10, 11, 12, 13, 14, 15, 17, 19 mm<\/li>\n<li>1\/2&#8243; pitk\u00e4t hylsyt (L=77mm): 10, 11, 13, 14, 15, 17, 19, 22, 24 mm<\/li>\n<li>1\/4&#8243; jatkovarsi 4&#8243; (100mm)<\/li>\n<li>1\/2&#8243; jatkovarsi 5&#8243; (125mm)<\/li>\n<li>3\/8&#8243; jatkovarsi 6&#8243; (150mm)<\/li>\n<li>1\/4&#8243; nivel<\/li>\n<li>3\/8&#8243; nivel<\/li>\n<li>1\/2&#8243; nivel<\/li>\n<li>72-hampainen 1\/4&#8243; r\u00e4ikk\u00e4 6&#8243;<\/li>\n<li>72-hampainen 3\/8 r\u00e4ikk\u00e4 8&#8243;<\/li>\n<li>72- hampainen 1\/2&#8243; r\u00e4ikk\u00e4 10&#8243;<\/li>\n<\/ul>\n","protected":false},"excerpt":{"rendered":"<p>Kattava r\u00e4ikk\u00e4sarja, jossa hylsyt pysyy omilla paikoillaan vaahtomuovissa esim. ty\u00f6kaluvaunuun. Geko<\/p>\n","protected":false},"featured_media":584,"template":"","meta":{"_monsterinsights_skip_tracking":false,"_monsterinsights_sitenote_active":false,"_monsterinsights_sitenote_note":"","_monsterinsights_sitenote_category":0,"neve_meta_sidebar":"","neve_meta_container":"","neve_meta_enable_content_width":"off","neve_meta_content_width":100,"neve_meta_title_alignment":"","neve_meta_author_avatar":"","neve_post_elements_order":"","neve_meta_disable_header":"","neve_meta_disable_footer":"","neve_meta_disable_title":"","_themeisle_gutenberg_block_has_review":false},"product_brand":[],"product_cat":[91],"product_tag":[],"class_list":{"0":"post-583","1":"product","2":"type-product","3":"status-publish","4":"has-post-thumbnail","6":"product_cat-tyokalusarjat","8":"first","9":"outofstock","10":"taxable","11":"shipping-taxable","12":"purchasable","13":"product-type-simple"},"supplier_id":null,"supplier_sku":"","barcode":null,"atum_controlled":true,"out_stock_date":"2026-02-26 19:47:40","out_stock_threshold":null,"inheritable":false,"inbound_stock":0,"stock_on_hold":0,"sold_today":0,"sales_last_days":0,"reserved_stock":0,"customer_returns":0,"warehouse_damage":0,"lost_in_post":0,"other_logs":0,"out_stock_days":75,"lost_sales":1060,"has_location":false,"update_date":"2026-05-13T01:00:05","atum_locations":[],"atum_stock_status":"outofstock","restock_status":false,"low_stock_amount":"","sales_update_date":"2026-05-13T01:00:05","calc_backorders":null,"aioseo_notices":[],"_links":{"self":[{"href":"https:\/\/www.jimport.fi\/index.php\/wp-json\/wp\/v2\/product\/583","targetHints":{"allow":["GET"]}}],"collection":[{"href":"https:\/\/www.jimport.fi\/index.php\/wp-json\/wp\/v2\/product"}],"about":[{"href":"https:\/\/www.jimport.fi\/index.php\/wp-json\/wp\/v2\/types\/product"}],"version-history":[{"count":5,"href":"https:\/\/www.jimport.fi\/index.php\/wp-json\/wp\/v2\/product\/583\/revisions"}],"predecessor-version":[{"id":4546,"href":"https:\/\/www.jimport.fi\/index.php\/wp-json\/wp\/v2\/product\/583\/revisions\/4546"}],"wp:featuredmedia":[{"embeddable":true,"href":"https:\/\/www.jimport.fi\/index.php\/wp-json\/wp\/v2\/media\/584"}],"wp:attachment":[{"href":"https:\/\/www.jimport.fi\/index.php\/wp-json\/wp\/v2\/media?parent=583"}],"wp:term":[{"taxonomy":"product_brand","embeddable":true,"href":"https:\/\/www.jimport.fi\/index.php\/wp-json\/wp\/v2\/product_brand?post=583"},{"taxonomy":"product_cat","embeddable":true,"href":"https:\/\/www.jimport.fi\/index.php\/wp-json\/wp\/v2\/product_cat?post=583"},{"taxonomy":"product_tag","embeddable":true,"href":"https:\/\/www.jimport.fi\/index.php\/wp-json\/wp\/v2\/product_tag?post=583"}],"curies":[{"name":"wp","href":"https:\/\/api.w.org\/{rel}","templated":true}]}}