{"id":5872,"date":"2023-06-24T07:24:02","date_gmt":"2023-06-24T07:24:02","guid":{"rendered":"https:\/\/www.jimport.fi\/?post_type=product&#038;p=5872"},"modified":"2023-06-24T07:24:02","modified_gmt":"2023-06-24T07:24:02","slug":"kytkin-kiinasahoihin","status":"publish","type":"product","link":"https:\/\/www.jimport.fi\/index.php\/tuote\/kytkin-kiinasahoihin\/","title":{"rendered":"Kytkin Kiinasahoihin"},"content":{"rendered":"<h4>Tekniset tiedot<\/h4>\n<ul>\n<li>Vannerattaan nousu: 3\/8&#8243;<\/li>\n<li>Vanteen rattaan piikkien lukum\u00e4\u00e4r\u00e4: 7<\/li>\n<li>Kytkimen ulkokoko O: 66,5 mm<\/li>\n<li>Kytkimen kierre: 9 mm<\/li>\n<li>Laakerin sis\u00e4-\/ulkokoko: 12\/15 mm<\/li>\n<li>Laakerin korkeus: 14 mm<\/li>\n<\/ul>\n<h4>Pakkauksen sis\u00e4lt\u00f6:<\/h4>\n<ul>\n<li>Neulalaakeri<\/li>\n<li>Rumpu<\/li>\n<li>Kytkin<\/li>\n<\/ul>\n","protected":false},"excerpt":{"rendered":"<p>T\u00e4ydellinen kytkin Kiinasahoihin ja muihin virityksiin.<\/p>\n","protected":false},"featured_media":5873,"template":"","meta":{"_monsterinsights_skip_tracking":false,"_monsterinsights_sitenote_active":false,"_monsterinsights_sitenote_note":"","_monsterinsights_sitenote_category":0,"neve_meta_sidebar":"","neve_meta_container":"","neve_meta_enable_content_width":"off","neve_meta_content_width":100,"neve_meta_title_alignment":"","neve_meta_author_avatar":"","neve_post_elements_order":"","neve_meta_disable_header":"","neve_meta_disable_footer":"","neve_meta_disable_title":"","_themeisle_gutenberg_block_has_review":false},"product_brand":[],"product_cat":[87],"product_tag":[],"class_list":{"0":"post-5872","1":"product","2":"type-product","3":"status-publish","4":"has-post-thumbnail","6":"product_cat-kytkimia","8":"first","9":"instock","10":"taxable","11":"shipping-taxable","12":"purchasable","13":"product-type-simple"},"supplier_id":null,"supplier_sku":"","barcode":null,"atum_controlled":true,"out_stock_date":null,"out_stock_threshold":null,"inheritable":false,"inbound_stock":null,"stock_on_hold":0,"sold_today":0,"sales_last_days":0,"reserved_stock":null,"customer_returns":null,"warehouse_damage":null,"lost_in_post":null,"other_logs":null,"out_stock_days":0,"lost_sales":0,"has_location":false,"update_date":"2026-04-19T00:06:31","atum_locations":[],"atum_stock_status":"instock","restock_status":false,"low_stock_amount":"","sales_update_date":"2026-04-19T00:06:31","calc_backorders":null,"aioseo_notices":[],"_links":{"self":[{"href":"https:\/\/www.jimport.fi\/index.php\/wp-json\/wp\/v2\/product\/5872","targetHints":{"allow":["GET"]}}],"collection":[{"href":"https:\/\/www.jimport.fi\/index.php\/wp-json\/wp\/v2\/product"}],"about":[{"href":"https:\/\/www.jimport.fi\/index.php\/wp-json\/wp\/v2\/types\/product"}],"version-history":[{"count":1,"href":"https:\/\/www.jimport.fi\/index.php\/wp-json\/wp\/v2\/product\/5872\/revisions"}],"predecessor-version":[{"id":5874,"href":"https:\/\/www.jimport.fi\/index.php\/wp-json\/wp\/v2\/product\/5872\/revisions\/5874"}],"wp:featuredmedia":[{"embeddable":true,"href":"https:\/\/www.jimport.fi\/index.php\/wp-json\/wp\/v2\/media\/5873"}],"wp:attachment":[{"href":"https:\/\/www.jimport.fi\/index.php\/wp-json\/wp\/v2\/media?parent=5872"}],"wp:term":[{"taxonomy":"product_brand","embeddable":true,"href":"https:\/\/www.jimport.fi\/index.php\/wp-json\/wp\/v2\/product_brand?post=5872"},{"taxonomy":"product_cat","embeddable":true,"href":"https:\/\/www.jimport.fi\/index.php\/wp-json\/wp\/v2\/product_cat?post=5872"},{"taxonomy":"product_tag","embeddable":true,"href":"https:\/\/www.jimport.fi\/index.php\/wp-json\/wp\/v2\/product_tag?post=5872"}],"curies":[{"name":"wp","href":"https:\/\/api.w.org\/{rel}","templated":true}]}}