{"id":5943,"date":"2023-06-25T07:04:39","date_gmt":"2023-06-25T07:04:39","guid":{"rendered":"https:\/\/www.jimport.fi\/?post_type=product&#038;p=5943"},"modified":"2023-06-25T07:04:39","modified_gmt":"2023-06-25T07:04:39","slug":"laservatupassi-rullamitalla","status":"publish","type":"product","link":"https:\/\/www.jimport.fi\/index.php\/tuote\/laservatupassi-rullamitalla\/","title":{"rendered":"Laservatupassi rullamitalla"},"content":{"rendered":"<h2>Tuotekuvaus<\/h2>\n<p>Monik\u00e4ytt\u00f6inen laservatupassi 1,5 metrin mittanauhalla. Erinomainen mihin tahansa ty\u00f6h\u00f6n, joka vaatii suoraa linjaa tai tarkkaa mittausta, kuten ripustamiseen, hyllyjen asentamiseen, lattian asettamiseen jne.<\/p>\n<h3>Tuotteen ominaisuudet<\/h3>\n<ul>\n<li>Heijastaa vaaka-, pysty- ja ristilaservalons\u00e4teen<\/li>\n<li>8 jalan \/ 250 cm: n lukittu mittanauha, jonka asteikot ovat 1\/32&#8243; ja 1 mm<\/li>\n<li>Pystysuuntainen kupla<\/li>\n<li>Vaakatason kupla<\/li>\n<li>45\u00b0 tason kupla<\/li>\n<li>Laserin ohjauskytkin<\/li>\n<li>Vakio- ja metriviivain<\/li>\n<li>\u00a03x LR44 AG13 paristo (sis\u00e4ltyy)<\/li>\n<\/ul>\n<h4>Tekniset tiedot<\/h4>\n<ul>\n<li>Kokonaispituus: 190 mm<\/li>\n<li>Laser: luokan IIIA laser, 5 mW: n enimm\u00e4isteho,<\/li>\n<li>Laserin aallonpituus: 630-650 nm<\/li>\n<li>Viivain: 15 cm \/ 6 tuumaa<\/li>\n<li>Mittanauha: 250 cm<\/li>\n<li>Materiaali: ABS, alumiini<\/li>\n<\/ul>\n","protected":false},"excerpt":{"rendered":"<p>Monik\u00e4ytt\u00f6inen laservatupassi\/linjalaser 2,5M rullamitalla. Geko.<\/p>\n","protected":false},"featured_media":5949,"template":"","meta":{"_monsterinsights_skip_tracking":false,"_monsterinsights_sitenote_active":false,"_monsterinsights_sitenote_note":"","_monsterinsights_sitenote_category":0,"neve_meta_sidebar":"","neve_meta_container":"","neve_meta_enable_content_width":"off","neve_meta_content_width":100,"neve_meta_title_alignment":"","neve_meta_author_avatar":"","neve_post_elements_order":"","neve_meta_disable_header":"","neve_meta_disable_footer":"","neve_meta_disable_title":"","_themeisle_gutenberg_block_has_review":false},"product_brand":[],"product_cat":[47],"product_tag":[],"class_list":{"0":"post-5943","1":"product","2":"type-product","3":"status-publish","4":"has-post-thumbnail","6":"product_cat-mittaus","8":"first","9":"instock","10":"taxable","11":"shipping-taxable","12":"purchasable","13":"product-type-simple"},"supplier_id":null,"supplier_sku":"","barcode":null,"atum_controlled":true,"out_stock_date":null,"out_stock_threshold":null,"inheritable":false,"inbound_stock":null,"stock_on_hold":0,"sold_today":0,"sales_last_days":0,"reserved_stock":null,"customer_returns":null,"warehouse_damage":null,"lost_in_post":null,"other_logs":null,"out_stock_days":0,"lost_sales":0,"has_location":false,"update_date":"2026-04-30T00:32:14","atum_locations":[],"atum_stock_status":"instock","restock_status":false,"low_stock_amount":"","sales_update_date":"2026-04-30T00:32:13","calc_backorders":null,"aioseo_notices":[],"_links":{"self":[{"href":"https:\/\/www.jimport.fi\/index.php\/wp-json\/wp\/v2\/product\/5943","targetHints":{"allow":["GET"]}}],"collection":[{"href":"https:\/\/www.jimport.fi\/index.php\/wp-json\/wp\/v2\/product"}],"about":[{"href":"https:\/\/www.jimport.fi\/index.php\/wp-json\/wp\/v2\/types\/product"}],"version-history":[{"count":1,"href":"https:\/\/www.jimport.fi\/index.php\/wp-json\/wp\/v2\/product\/5943\/revisions"}],"predecessor-version":[{"id":5944,"href":"https:\/\/www.jimport.fi\/index.php\/wp-json\/wp\/v2\/product\/5943\/revisions\/5944"}],"wp:featuredmedia":[{"embeddable":true,"href":"https:\/\/www.jimport.fi\/index.php\/wp-json\/wp\/v2\/media\/5949"}],"wp:attachment":[{"href":"https:\/\/www.jimport.fi\/index.php\/wp-json\/wp\/v2\/media?parent=5943"}],"wp:term":[{"taxonomy":"product_brand","embeddable":true,"href":"https:\/\/www.jimport.fi\/index.php\/wp-json\/wp\/v2\/product_brand?post=5943"},{"taxonomy":"product_cat","embeddable":true,"href":"https:\/\/www.jimport.fi\/index.php\/wp-json\/wp\/v2\/product_cat?post=5943"},{"taxonomy":"product_tag","embeddable":true,"href":"https:\/\/www.jimport.fi\/index.php\/wp-json\/wp\/v2\/product_tag?post=5943"}],"curies":[{"name":"wp","href":"https:\/\/api.w.org\/{rel}","templated":true}]}}