{"id":5995,"date":"2023-06-25T09:41:00","date_gmt":"2023-06-25T09:41:00","guid":{"rendered":"https:\/\/www.jimport.fi\/?post_type=product&#038;p=5995"},"modified":"2024-04-01T12:50:13","modified_gmt":"2024-04-01T09:50:13","slug":"muotokampa-25cm","status":"publish","type":"product","link":"https:\/\/www.jimport.fi\/index.php\/tuote\/muotokampa-25cm\/","title":{"rendered":"Muotokampa 25cm"},"content":{"rendered":"<h2>Tuotekuvaus<\/h2>\n<p><strong>\u00c4\u00e4riviivamitta muotojen kartoittamiseen.<\/strong>\u00a0Erityisen\u00a0<strong>hy\u00f6dyllinen suoritettaessa erityyppisi\u00e4 kunnostus-, viimeistely- ja laatoitust\u00f6it\u00e4<\/strong>. Sit\u00e4 k\u00e4ytet\u00e4\u00e4n\u00a0<strong>ep\u00e4s\u00e4\u00e4nn\u00f6llisten muotojen j\u00e4ljent\u00e4miseen<\/strong>, esimerkiksi leikattaessa laattoja paikoissa, joissa putket menev\u00e4t.<\/p>\n<p><strong>Tuotteen ominaisuudet:<\/strong><\/p>\n<ul>\n<li>Laite on korvaamaton kaikenlaisissa rakennus- ja kunnostust\u00f6iss\u00e4<\/li>\n<li>Voidaan k\u00e4ytt\u00e4\u00e4 my\u00f6s laatoitukseen, puusep\u00e4nty\u00f6h\u00f6n, peltisep\u00e4nty\u00f6h\u00f6n jne.<\/li>\n<li>ep\u00e4s\u00e4\u00e4nn\u00f6llisten muotojen t\u00e4ydellinen j\u00e4ljent\u00e4minen 1 mm paksujen lehtien k\u00e4yt\u00f6n ansiosta<\/li>\n<li>Mallin toisella puolella on metrinen asteikko 0\u201325 cm<\/li>\n<li>toisella puolella on tuuma mitta<\/li>\n<li>valmistettu kest\u00e4v\u00e4st\u00e4 muovista<\/li>\n<\/ul>\n","protected":false},"excerpt":{"rendered":"<p>Muotokampa muotojen j\u00e4ljent\u00e4miseen esimerkiksi peltihommissa.<\/p>\n","protected":false},"featured_media":5997,"template":"","meta":{"_monsterinsights_skip_tracking":false,"_monsterinsights_sitenote_active":false,"_monsterinsights_sitenote_note":"","_monsterinsights_sitenote_category":0,"neve_meta_sidebar":"","neve_meta_container":"","neve_meta_enable_content_width":"off","neve_meta_content_width":100,"neve_meta_title_alignment":"","neve_meta_author_avatar":"","neve_post_elements_order":"","neve_meta_disable_header":"","neve_meta_disable_footer":"","neve_meta_disable_title":"","_themeisle_gutenberg_block_has_review":false},"product_brand":[],"product_cat":[141,47],"product_tag":[],"class_list":{"0":"post-5995","1":"product","2":"type-product","3":"status-publish","4":"has-post-thumbnail","6":"product_cat-hitsaus","7":"product_cat-mittaus","9":"first","10":"instock","11":"taxable","12":"shipping-taxable","13":"purchasable","14":"product-type-simple"},"supplier_id":null,"supplier_sku":"","barcode":null,"atum_controlled":true,"out_stock_date":null,"out_stock_threshold":null,"inheritable":false,"inbound_stock":null,"stock_on_hold":0,"sold_today":0,"sales_last_days":0,"reserved_stock":null,"customer_returns":null,"warehouse_damage":null,"lost_in_post":null,"other_logs":null,"out_stock_days":0,"lost_sales":0,"has_location":false,"update_date":"2026-04-30T00:31:59","atum_locations":[],"atum_stock_status":"instock","restock_status":false,"low_stock_amount":"","sales_update_date":"2026-04-30T00:31:59","calc_backorders":null,"aioseo_notices":[],"_links":{"self":[{"href":"https:\/\/www.jimport.fi\/index.php\/wp-json\/wp\/v2\/product\/5995","targetHints":{"allow":["GET"]}}],"collection":[{"href":"https:\/\/www.jimport.fi\/index.php\/wp-json\/wp\/v2\/product"}],"about":[{"href":"https:\/\/www.jimport.fi\/index.php\/wp-json\/wp\/v2\/types\/product"}],"version-history":[{"count":1,"href":"https:\/\/www.jimport.fi\/index.php\/wp-json\/wp\/v2\/product\/5995\/revisions"}],"predecessor-version":[{"id":5998,"href":"https:\/\/www.jimport.fi\/index.php\/wp-json\/wp\/v2\/product\/5995\/revisions\/5998"}],"wp:featuredmedia":[{"embeddable":true,"href":"https:\/\/www.jimport.fi\/index.php\/wp-json\/wp\/v2\/media\/5997"}],"wp:attachment":[{"href":"https:\/\/www.jimport.fi\/index.php\/wp-json\/wp\/v2\/media?parent=5995"}],"wp:term":[{"taxonomy":"product_brand","embeddable":true,"href":"https:\/\/www.jimport.fi\/index.php\/wp-json\/wp\/v2\/product_brand?post=5995"},{"taxonomy":"product_cat","embeddable":true,"href":"https:\/\/www.jimport.fi\/index.php\/wp-json\/wp\/v2\/product_cat?post=5995"},{"taxonomy":"product_tag","embeddable":true,"href":"https:\/\/www.jimport.fi\/index.php\/wp-json\/wp\/v2\/product_tag?post=5995"}],"curies":[{"name":"wp","href":"https:\/\/api.w.org\/{rel}","templated":true}]}}