{"id":6289,"date":"2023-09-15T11:10:07","date_gmt":"2023-09-15T08:10:07","guid":{"rendered":"https:\/\/www.jimport.fi\/?post_type=product&#038;p=6289"},"modified":"2025-05-02T08:35:52","modified_gmt":"2025-05-02T05:35:52","slug":"varikkaat-nippusiteet-purkissa-600kpl","status":"publish","type":"product","link":"https:\/\/www.jimport.fi\/index.php\/tuote\/varikkaat-nippusiteet-purkissa-600kpl\/","title":{"rendered":"V\u00e4rikk\u00e4\u00e4t nippusiteet purkissa 600kpl"},"content":{"rendered":"<div class=\"product-description-ui limited-container-ui product-description-lq\">\n<h2>Tuotekuvaus<\/h2>\n<p>Sarja\u00a0<strong>v\u00e4rillisi\u00e4 nippusiteit\u00e4<\/strong>, jotka on valmistettu\u00a0<strong>korkealaatuisesta polyamidista<\/strong>, jolla on korkea rep\u00e4isykest\u00e4vyys ja korkea l\u00e4mm\u00f6nkest\u00e4vyys. Erityisen hy\u00f6dyllinen s\u00e4hk\u00f6asennuksia suoritettaessa johdinsarjojen merkitsemiseksi sopivalla v\u00e4rill\u00e4.<\/p>\n<p><strong>Setti sis\u00e4lt\u00e4\u00e4 600 kappaletta nippusiteit\u00e4:<\/strong><\/p>\n<ul>\n<li>keltainen 100x2mm &#8211; 100 kpl<\/li>\n<li>sininen 100&#215;2,5mm &#8211; 100 kappaletta<\/li>\n<li>vihre\u00e4 100&#215;2,5mm &#8211; 100 kpl<\/li>\n<li>punainen 100&#215;2,5mm &#8211; 100 kpl<\/li>\n<li>valkoinen 150&#215;3,5mm &#8211; 100 kpl<\/li>\n<li>valkoinen 200&#215;4,5mm &#8211; 50 kpl<\/li>\n<li>musta 200&#215;4,5mm &#8211; 50 kpl<\/li>\n<\/ul>\n<\/div>\n<div class=\"product-attributes-ui clear-after-ui product-attributes-lq\">\n<h2><\/h2>\n<\/div>\n","protected":false},"excerpt":{"rendered":"<p>7 eri v\u00e4ri\u00e4 nippusiteit\u00e4 k\u00e4tev\u00e4ss\u00e4 purkissa, kiinnitt\u00e4miseen ja merkint\u00e4\u00e4n.<\/p>\n","protected":false},"featured_media":6290,"template":"","meta":{"_monsterinsights_skip_tracking":false,"_monsterinsights_sitenote_active":false,"_monsterinsights_sitenote_note":"","_monsterinsights_sitenote_category":0,"neve_meta_sidebar":"","neve_meta_container":"","neve_meta_enable_content_width":"off","neve_meta_content_width":100,"neve_meta_title_alignment":"","neve_meta_author_avatar":"","neve_post_elements_order":"","neve_meta_disable_header":"","neve_meta_disable_footer":"","neve_meta_disable_title":"","_themeisle_gutenberg_block_has_review":false},"product_brand":[],"product_cat":[134,68],"product_tag":[],"class_list":{"0":"post-6289","1":"product","2":"type-product","3":"status-publish","4":"has-post-thumbnail","6":"product_cat-merkinta","7":"product_cat-nippusiteet","9":"first","10":"instock","11":"taxable","12":"shipping-taxable","13":"purchasable","14":"product-type-simple"},"supplier_id":null,"supplier_sku":"","barcode":null,"atum_controlled":true,"out_stock_date":null,"out_stock_threshold":null,"inheritable":false,"inbound_stock":null,"stock_on_hold":0,"sold_today":0,"sales_last_days":0,"reserved_stock":null,"customer_returns":null,"warehouse_damage":null,"lost_in_post":null,"other_logs":null,"out_stock_days":0,"lost_sales":0,"has_location":false,"update_date":"2026-04-17T00:02:17","atum_locations":[],"atum_stock_status":"instock","restock_status":false,"low_stock_amount":"","sales_update_date":"2026-04-17T00:02:17","calc_backorders":null,"aioseo_notices":[],"_links":{"self":[{"href":"https:\/\/www.jimport.fi\/index.php\/wp-json\/wp\/v2\/product\/6289","targetHints":{"allow":["GET"]}}],"collection":[{"href":"https:\/\/www.jimport.fi\/index.php\/wp-json\/wp\/v2\/product"}],"about":[{"href":"https:\/\/www.jimport.fi\/index.php\/wp-json\/wp\/v2\/types\/product"}],"version-history":[{"count":1,"href":"https:\/\/www.jimport.fi\/index.php\/wp-json\/wp\/v2\/product\/6289\/revisions"}],"predecessor-version":[{"id":6291,"href":"https:\/\/www.jimport.fi\/index.php\/wp-json\/wp\/v2\/product\/6289\/revisions\/6291"}],"wp:featuredmedia":[{"embeddable":true,"href":"https:\/\/www.jimport.fi\/index.php\/wp-json\/wp\/v2\/media\/6290"}],"wp:attachment":[{"href":"https:\/\/www.jimport.fi\/index.php\/wp-json\/wp\/v2\/media?parent=6289"}],"wp:term":[{"taxonomy":"product_brand","embeddable":true,"href":"https:\/\/www.jimport.fi\/index.php\/wp-json\/wp\/v2\/product_brand?post=6289"},{"taxonomy":"product_cat","embeddable":true,"href":"https:\/\/www.jimport.fi\/index.php\/wp-json\/wp\/v2\/product_cat?post=6289"},{"taxonomy":"product_tag","embeddable":true,"href":"https:\/\/www.jimport.fi\/index.php\/wp-json\/wp\/v2\/product_tag?post=6289"}],"curies":[{"name":"wp","href":"https:\/\/api.w.org\/{rel}","templated":true}]}}