{"id":6337,"date":"2023-09-15T16:38:14","date_gmt":"2023-09-15T13:38:14","guid":{"rendered":"https:\/\/www.jimport.fi\/?post_type=product&#038;p=6337"},"modified":"2025-10-04T14:55:09","modified_gmt":"2025-10-04T11:55:09","slug":"kangasteippi-19mm-x-15m","status":"publish","type":"product","link":"https:\/\/www.jimport.fi\/index.php\/tuote\/kangasteippi-19mm-x-15m\/","title":{"rendered":"Kangasteippi 19mm x 15m"},"content":{"rendered":"<h2>Tuotekuvaus<\/h2>\n<p>Kankaista eristysteippi\u00e4 k\u00e4ytet\u00e4\u00e4n useimmiten autoteollisuudessa h\u00e4lytysten, auton \u00e4\u00e4nij\u00e4rjestelmien ja keskuslukkojen asennuksessa sek\u00e4 s\u00e4hk\u00f6asennusten korjaamisessa. Eritt\u00e4in joustava teippi sopii t\u00e4ydellisesti kaapeleiden niputtamiseen ja suojaamiseen<\/p>\n<h4>Tuotteen ominaisuudet:<\/h4>\n<ul>\n<li>T\u00e4ydellinen kaapeleiden niputtamiseen ja suojaamiseen<\/li>\n<li>on ominaista korkea joustavuus, t\u00e4ydellinen \u00e4\u00e4nieristys ja eritt\u00e4in kulutusta kest\u00e4v\u00e4<\/li>\n<li>takaa vahvan tarttuvuuden<\/li>\n<li>valmistettu PET-villasta ja kumipohjaisesta liimasta<\/li>\n<\/ul>\n<p><strong>Tekniset:<\/strong><\/p>\n<p>Nauhan pituus:\u00a0<strong>15 m<\/strong><\/p>\n<p>Nauhan leveys:\u00a0<strong>19mm<\/strong><\/p>\n<p>Tukimateriaali:\u00a0<strong>PET-villa<\/strong><\/p>\n<p>Liimatyyppi:\u00a0<strong>kumipohjainen<\/strong><\/p>\n","protected":false},"excerpt":{"rendered":"<p>Kangasteippi johtosarjojen niputtamiseen ja moniin muihin k\u00e4ytt\u00f6sovelluksiin.<\/p>\n","protected":false},"featured_media":6339,"template":"","meta":{"_monsterinsights_skip_tracking":false,"_monsterinsights_sitenote_active":false,"_monsterinsights_sitenote_note":"","_monsterinsights_sitenote_category":0,"neve_meta_sidebar":"","neve_meta_container":"","neve_meta_enable_content_width":"off","neve_meta_content_width":100,"neve_meta_title_alignment":"","neve_meta_author_avatar":"","neve_post_elements_order":"","neve_meta_disable_header":"","neve_meta_disable_footer":"","neve_meta_disable_title":"","_themeisle_gutenberg_block_has_review":false},"product_brand":[],"product_cat":[48,51],"product_tag":[],"class_list":{"0":"post-6337","1":"product","2":"type-product","3":"status-publish","4":"has-post-thumbnail","6":"product_cat-tarvikkeet","7":"product_cat-sahkotyokalut","9":"first","10":"instock","11":"taxable","12":"shipping-taxable","13":"purchasable","14":"product-type-simple"},"supplier_id":null,"supplier_sku":"","barcode":null,"atum_controlled":true,"out_stock_date":null,"out_stock_threshold":null,"inheritable":false,"inbound_stock":null,"stock_on_hold":0,"sold_today":0,"sales_last_days":0,"reserved_stock":null,"customer_returns":null,"warehouse_damage":null,"lost_in_post":null,"other_logs":null,"out_stock_days":0,"lost_sales":0,"has_location":false,"update_date":"2026-04-16T00:01:13","atum_locations":[],"atum_stock_status":"instock","restock_status":false,"low_stock_amount":"","sales_update_date":"2026-04-16T00:01:13","calc_backorders":null,"aioseo_notices":[],"_links":{"self":[{"href":"https:\/\/www.jimport.fi\/index.php\/wp-json\/wp\/v2\/product\/6337","targetHints":{"allow":["GET"]}}],"collection":[{"href":"https:\/\/www.jimport.fi\/index.php\/wp-json\/wp\/v2\/product"}],"about":[{"href":"https:\/\/www.jimport.fi\/index.php\/wp-json\/wp\/v2\/types\/product"}],"version-history":[{"count":1,"href":"https:\/\/www.jimport.fi\/index.php\/wp-json\/wp\/v2\/product\/6337\/revisions"}],"predecessor-version":[{"id":6340,"href":"https:\/\/www.jimport.fi\/index.php\/wp-json\/wp\/v2\/product\/6337\/revisions\/6340"}],"wp:featuredmedia":[{"embeddable":true,"href":"https:\/\/www.jimport.fi\/index.php\/wp-json\/wp\/v2\/media\/6339"}],"wp:attachment":[{"href":"https:\/\/www.jimport.fi\/index.php\/wp-json\/wp\/v2\/media?parent=6337"}],"wp:term":[{"taxonomy":"product_brand","embeddable":true,"href":"https:\/\/www.jimport.fi\/index.php\/wp-json\/wp\/v2\/product_brand?post=6337"},{"taxonomy":"product_cat","embeddable":true,"href":"https:\/\/www.jimport.fi\/index.php\/wp-json\/wp\/v2\/product_cat?post=6337"},{"taxonomy":"product_tag","embeddable":true,"href":"https:\/\/www.jimport.fi\/index.php\/wp-json\/wp\/v2\/product_tag?post=6337"}],"curies":[{"name":"wp","href":"https:\/\/api.w.org\/{rel}","templated":true}]}}