{"id":6413,"date":"2023-09-16T11:32:46","date_gmt":"2023-09-16T08:32:46","guid":{"rendered":"https:\/\/www.jimport.fi\/?post_type=product&#038;p=6413"},"modified":"2025-03-07T16:40:11","modified_gmt":"2025-03-07T13:40:11","slug":"taskulamppu-kokoontaittuva","status":"publish","type":"product","link":"https:\/\/www.jimport.fi\/index.php\/tuote\/taskulamppu-kokoontaittuva\/","title":{"rendered":"Taskulamppu kokoontaittuva"},"content":{"rendered":"<h2>Tuotekuvaus<\/h2>\n<p>Akkuk\u00e4ytt\u00f6inen ty\u00f6pajavalaisin on v\u00e4ltt\u00e4m\u00e4t\u00f6n ty\u00f6kalu, joka tarjoaa poikkeuksellisen valon voimakkuuden.<\/p>\n<p>Yksi sen t\u00e4rkeimmist\u00e4 eduista on kyky s\u00e4\u00e4t\u00e4\u00e4 valonl\u00e4hdett\u00e4 pystysuoraan miss\u00e4 tahansa kulmassa, jolloin voit valaista tarkasti tiettyj\u00e4 alueita.<\/p>\n<p>Ty\u00f6pajavalaisimessa on 5 valaistustilaa, joiden avulla voit s\u00e4\u00e4t\u00e4\u00e4 kirkkautta erityistarpeisiin. Voit valita t\u00e4yden tehon valon (100%), 50% valon, k\u00e4ytt\u00e4\u00e4 etudiodia, punaisen valon tilaa tai punaisen v\u00e4lkkyv\u00e4n valon tilaa.<\/p>\n<p>Valaisin voidaan kiinnitt\u00e4\u00e4 helposti ty\u00f6paikan ymp\u00e4rill\u00e4 oleviin metallipintoihin magneetin avulla, ja siin\u00e4 on my\u00f6s k\u00e4tev\u00e4 koukku ripustaa se haluttuun paikkaan.<\/p>\n<p>Sen kompakti ja taitettava muotoilu tekee lampusta kannettavan ja helpon kuljettaa. Se voidaan s\u00e4ilytt\u00e4\u00e4 k\u00e4tev\u00e4sti auton tavaratilassa tai ty\u00f6kalulaukussa taitettuna.<\/p>\n<p>T\u00e4m\u00e4 akkuk\u00e4ytt\u00f6inen ty\u00f6pajavalaisin on t\u00e4ydellinen ratkaisu tee-se-itse-harrastajille, mekaanikoille ja kaikille, jotka tarvitsevat luotettavaa valonl\u00e4hdett\u00e4 ty\u00f6ss\u00e4\u00e4n. Sen toimivuus, kompaktius ja monipuoliset paikannusvaihtoehdot tekev\u00e4t siit\u00e4 korvaamattoman ty\u00f6kalun miss\u00e4 tahansa ty\u00f6pajassa tai ty\u00f6paikalla.<\/p>\n<h4>Tuotteen ominaisuudet:<\/h4>\n<ul>\n<li>Poikkeuksellinen valon voimakkuus: Ty\u00f6pajalamppu tuottaa valovirran, jonka voimakkuus on 200 lumenia ja teho 3 W, mik\u00e4 tarjoaa voimakkaan valaistuksen my\u00f6s pimeill\u00e4 alueilla.<\/li>\n<li>LED-COB-diodeja k\u00e4ytt\u00e4m\u00e4ll\u00e4 lamppu tuottaa tasaista ja kirkasta valoa, mik\u00e4 helpottaa tarkkuutta.<\/li>\n<li>Kyky s\u00e4\u00e4t\u00e4\u00e4 valonl\u00e4hdett\u00e4 pystysuunnassa miss\u00e4 tahansa kulmassa mahdollistaa valittujen alueiden tarkan valaistuksen.<\/li>\n<li>Lamppu tarjoaa 5 valaistustilaa, mukaan lukien t\u00e4ysi valo (100%), 50% valo, etudiodivalo, punainen valo ja punainen strobovalo, jotka tarjoavat valaistusvaihtoehtoja erilaisiin tarpeisiin.<\/li>\n<li>Magneetin ja k\u00e4tev\u00e4n koukun ansiosta lamppu voidaan helposti kiinnitt\u00e4\u00e4 metallipintoihin tai ripustaa mihin tahansa haluttuun paikkaan, mik\u00e4 varmistaa k\u00e4yt\u00e4nn\u00f6llisen k\u00e4yt\u00f6n erilaisissa olosuhteissa.<\/li>\n<li>Sen kompakti ja taitettava muotoilu helpottaa s\u00e4ilytyst\u00e4 ja kantamista auton tavaratilassa tai ty\u00f6kalulaukussa.<\/li>\n<\/ul>\n<h4>Tekniset:<\/h4>\n<p><strong>Valonl\u00e4hde: LED-COB-diodit<\/strong><\/p>\n<p>Valon voimakkuus:\u00a0<strong>200 lumenia<\/strong><\/p>\n<p>Teho:\u00a0<strong>3W<\/strong><\/p>\n<p>Virtal\u00e4hteen j\u00e4nnite:\u00a0<strong>3.7V<\/strong><\/p>\n<p>Akun kapasiteetti:\u00a0<strong>1200mAh<\/strong><\/p>\n<p>Liittimen tyyppi:\u00a0<strong>micro USB<\/strong><\/p>\n<p>Valaistustilat:\u00a0<strong>100% valo, 50% valo, etuvalo, punainen valo, punainen strobovalo<\/strong><\/p>\n<p>Enimm\u00e4isk\u00e4ytt\u00f6aika:\u00a0<strong>3 tuntia<\/strong><\/p>\n<p>Latausaika:\u00a0<strong>4 tuntia<\/strong><\/p>\n","protected":false},"excerpt":{"rendered":"<p>Taitettava LED magneettivalaisin 1200mAh akulla ja viidell\u00e4 eri valotoiminnolla.<\/p>\n","protected":false},"featured_media":6417,"template":"","meta":{"_monsterinsights_skip_tracking":false,"_monsterinsights_sitenote_active":false,"_monsterinsights_sitenote_note":"","_monsterinsights_sitenote_category":0,"neve_meta_sidebar":"","neve_meta_container":"","neve_meta_enable_content_width":"off","neve_meta_content_width":100,"neve_meta_title_alignment":"","neve_meta_author_avatar":"","neve_post_elements_order":"","neve_meta_disable_header":"","neve_meta_disable_footer":"","neve_meta_disable_title":"","_themeisle_gutenberg_block_has_review":false},"product_brand":[],"product_cat":[61],"product_tag":[],"class_list":{"0":"post-6413","1":"product","2":"type-product","3":"status-publish","4":"has-post-thumbnail","6":"product_cat-valoja","8":"first","9":"outofstock","10":"taxable","11":"shipping-taxable","12":"purchasable","13":"product-type-simple"},"supplier_id":null,"supplier_sku":"","barcode":null,"atum_controlled":true,"out_stock_date":"2025-03-07 16:40:12","out_stock_threshold":null,"inheritable":false,"inbound_stock":null,"stock_on_hold":0,"sold_today":0,"sales_last_days":0,"reserved_stock":null,"customer_returns":null,"warehouse_damage":null,"lost_in_post":null,"other_logs":null,"out_stock_days":404,"lost_sales":1038,"has_location":false,"update_date":"2026-04-16T00:01:13","atum_locations":[],"atum_stock_status":"outofstock","restock_status":false,"low_stock_amount":"","sales_update_date":"2026-04-16T00:01:13","calc_backorders":null,"aioseo_notices":[],"_links":{"self":[{"href":"https:\/\/www.jimport.fi\/index.php\/wp-json\/wp\/v2\/product\/6413","targetHints":{"allow":["GET"]}}],"collection":[{"href":"https:\/\/www.jimport.fi\/index.php\/wp-json\/wp\/v2\/product"}],"about":[{"href":"https:\/\/www.jimport.fi\/index.php\/wp-json\/wp\/v2\/types\/product"}],"version-history":[{"count":1,"href":"https:\/\/www.jimport.fi\/index.php\/wp-json\/wp\/v2\/product\/6413\/revisions"}],"predecessor-version":[{"id":6418,"href":"https:\/\/www.jimport.fi\/index.php\/wp-json\/wp\/v2\/product\/6413\/revisions\/6418"}],"wp:featuredmedia":[{"embeddable":true,"href":"https:\/\/www.jimport.fi\/index.php\/wp-json\/wp\/v2\/media\/6417"}],"wp:attachment":[{"href":"https:\/\/www.jimport.fi\/index.php\/wp-json\/wp\/v2\/media?parent=6413"}],"wp:term":[{"taxonomy":"product_brand","embeddable":true,"href":"https:\/\/www.jimport.fi\/index.php\/wp-json\/wp\/v2\/product_brand?post=6413"},{"taxonomy":"product_cat","embeddable":true,"href":"https:\/\/www.jimport.fi\/index.php\/wp-json\/wp\/v2\/product_cat?post=6413"},{"taxonomy":"product_tag","embeddable":true,"href":"https:\/\/www.jimport.fi\/index.php\/wp-json\/wp\/v2\/product_tag?post=6413"}],"curies":[{"name":"wp","href":"https:\/\/api.w.org\/{rel}","templated":true}]}}