{"id":6450,"date":"2023-09-16T13:00:21","date_gmt":"2023-09-16T10:00:21","guid":{"rendered":"https:\/\/www.jimport.fi\/?post_type=product&#038;p=6450"},"modified":"2024-09-24T17:59:55","modified_gmt":"2024-09-24T14:59:55","slug":"metalliviila-puolipyorea","status":"publish","type":"product","link":"https:\/\/www.jimport.fi\/index.php\/tuote\/metalliviila-puolipyorea\/","title":{"rendered":"Metalliviila puolipy\u00f6re\u00e4"},"content":{"rendered":"<h2>Tuotekuvaus<\/h2>\n<p>Puolipy\u00f6re\u00e4 viila &#8211; metallikaavin on valmistettu korkealaatuisesta hiiliter\u00e4ksest\u00e4, joka on k\u00e4sitelty ammattimaisesti, mik\u00e4 takaa kest\u00e4vyyden ja tehokkuuden. Ter\u00e4v\u00e4ll\u00e4 pinnalla voit poistaa materiaalin tarkasti ja tehokkaasti, tasoittaa ep\u00e4tasaisuuksia tai valmistella pintoja jatkok\u00e4sittely\u00e4 varten. Siin\u00e4 on ergonomisesti muotoiltu kahva, joka tarjoaa turvallisen ja mukavan otteen minimoiden v\u00e4symyksen pitk\u00e4aikaisessa k\u00e4yt\u00f6ss\u00e4.<\/p>\n<p>Tuotteen ominaisuudet:<\/p>\n<ul>\n<li>Valmistettu korkealaatuisesta hiiliter\u00e4ksest\u00e4<\/li>\n<li>Ammattimaiselle l\u00e4mp\u00f6k\u00e4sittelylle pitk\u00e4kestoisen kest\u00e4vyyden ja luotettavuuden takaamiseksi<\/li>\n<li>Ergonominen, muotoiltu kahva takaa varman otteen ja mukavuuden ty\u00f6n aikana<\/li>\n<\/ul>\n<p>Tekniset:<\/p>\n<ul>\n<li>Materiaali: Hiiliter\u00e4s<\/li>\n<li>Tyyppi: Puolipy\u00f6re\u00e4<\/li>\n<li>Pituus: 200 mm<\/li>\n<li>Kahva: Ergonominen, kaksikomponenttinen<\/li>\n<\/ul>\n","protected":false},"excerpt":{"rendered":"<p>Laadukas puolipy\u00f6re\u00e4 metalliviila 320mm pituudella<\/p>\n","protected":false},"featured_media":6451,"template":"","meta":{"_monsterinsights_skip_tracking":false,"_monsterinsights_sitenote_active":false,"_monsterinsights_sitenote_note":"","_monsterinsights_sitenote_category":0,"neve_meta_sidebar":"","neve_meta_container":"","neve_meta_enable_content_width":"off","neve_meta_content_width":100,"neve_meta_title_alignment":"","neve_meta_author_avatar":"","neve_post_elements_order":"","neve_meta_disable_header":"","neve_meta_disable_footer":"","neve_meta_disable_title":"","_themeisle_gutenberg_block_has_review":false},"product_brand":[],"product_cat":[101],"product_tag":[],"class_list":{"0":"post-6450","1":"product","2":"type-product","3":"status-publish","4":"has-post-thumbnail","6":"product_cat-katkaisu","8":"first","9":"instock","10":"taxable","11":"shipping-taxable","12":"purchasable","13":"product-type-simple"},"supplier_id":null,"supplier_sku":"","barcode":null,"atum_controlled":true,"out_stock_date":null,"out_stock_threshold":null,"inheritable":false,"inbound_stock":0,"stock_on_hold":0,"sold_today":0,"sales_last_days":0,"reserved_stock":0,"customer_returns":0,"warehouse_damage":0,"lost_in_post":0,"other_logs":0,"out_stock_days":0,"lost_sales":0,"has_location":false,"update_date":"2026-05-13T00:59:50","atum_locations":[],"atum_stock_status":"instock","restock_status":false,"low_stock_amount":"","sales_update_date":"2026-05-13T00:59:50","calc_backorders":null,"aioseo_notices":[],"_links":{"self":[{"href":"https:\/\/www.jimport.fi\/index.php\/wp-json\/wp\/v2\/product\/6450","targetHints":{"allow":["GET"]}}],"collection":[{"href":"https:\/\/www.jimport.fi\/index.php\/wp-json\/wp\/v2\/product"}],"about":[{"href":"https:\/\/www.jimport.fi\/index.php\/wp-json\/wp\/v2\/types\/product"}],"version-history":[{"count":1,"href":"https:\/\/www.jimport.fi\/index.php\/wp-json\/wp\/v2\/product\/6450\/revisions"}],"predecessor-version":[{"id":6452,"href":"https:\/\/www.jimport.fi\/index.php\/wp-json\/wp\/v2\/product\/6450\/revisions\/6452"}],"wp:featuredmedia":[{"embeddable":true,"href":"https:\/\/www.jimport.fi\/index.php\/wp-json\/wp\/v2\/media\/6451"}],"wp:attachment":[{"href":"https:\/\/www.jimport.fi\/index.php\/wp-json\/wp\/v2\/media?parent=6450"}],"wp:term":[{"taxonomy":"product_brand","embeddable":true,"href":"https:\/\/www.jimport.fi\/index.php\/wp-json\/wp\/v2\/product_brand?post=6450"},{"taxonomy":"product_cat","embeddable":true,"href":"https:\/\/www.jimport.fi\/index.php\/wp-json\/wp\/v2\/product_cat?post=6450"},{"taxonomy":"product_tag","embeddable":true,"href":"https:\/\/www.jimport.fi\/index.php\/wp-json\/wp\/v2\/product_tag?post=6450"}],"curies":[{"name":"wp","href":"https:\/\/api.w.org\/{rel}","templated":true}]}}