{"id":6507,"date":"2023-09-17T13:34:00","date_gmt":"2023-09-17T10:34:00","guid":{"rendered":"https:\/\/www.jimport.fi\/?post_type=product&#038;p=6507"},"modified":"2024-03-23T12:45:05","modified_gmt":"2024-03-23T09:45:05","slug":"kameran-peittaja-3kpl","status":"publish","type":"product","link":"https:\/\/www.jimport.fi\/index.php\/tuote\/kameran-peittaja-3kpl\/","title":{"rendered":"Kameran peitt\u00e4j\u00e4 3kpl"},"content":{"rendered":"<p>Jos joskus, esimerkiksi jotain luontovideota katsellessa alkaa h\u00e4irit\u00e4 ep\u00e4ilys, ett\u00e4 joku hakkeri tarkkailee \u00e4lylaitteesi etukameran kautta el\u00e4m\u00e4\u00e4si, silloin t\u00e4m\u00e4 tuote voi antaa mielenrauhaa. Huomattavasti k\u00e4tev\u00e4mpi, kuin se perinteinen teipinpala, josta j\u00e4\u00e4 viel\u00e4 liimatahra ja se muuten t\u00e4ydellinen selfie voi olla sill\u00e4 pilalla.<\/p>\n","protected":false},"excerpt":{"rendered":"<p>\u00c4lylaitteille suunniteltu etukameran p\u00e4\u00e4lle liimattava, ohut liukuva luukku. Pakkauksessa 3kpl. Keltin.<\/p>\n","protected":false},"featured_media":6508,"template":"","meta":{"_monsterinsights_skip_tracking":false,"_monsterinsights_sitenote_active":false,"_monsterinsights_sitenote_note":"","_monsterinsights_sitenote_category":0,"neve_meta_sidebar":"","neve_meta_container":"","neve_meta_enable_content_width":"off","neve_meta_content_width":100,"neve_meta_title_alignment":"","neve_meta_author_avatar":"","neve_post_elements_order":"","neve_meta_disable_header":"","neve_meta_disable_footer":"","neve_meta_disable_title":"","_themeisle_gutenberg_block_has_review":false},"product_brand":[],"product_cat":[143],"product_tag":[],"class_list":{"0":"post-6507","1":"product","2":"type-product","3":"status-publish","4":"has-post-thumbnail","6":"product_cat-puhelin-tarvikkeita","8":"first","9":"instock","10":"taxable","11":"shipping-taxable","12":"purchasable","13":"product-type-simple"},"supplier_id":null,"supplier_sku":"","barcode":null,"atum_controlled":true,"out_stock_date":null,"out_stock_threshold":null,"inheritable":false,"inbound_stock":0,"stock_on_hold":0,"sold_today":0,"sales_last_days":0,"reserved_stock":0,"customer_returns":0,"warehouse_damage":0,"lost_in_post":0,"other_logs":0,"out_stock_days":0,"lost_sales":0,"has_location":false,"update_date":"2026-05-13T00:59:50","atum_locations":[],"atum_stock_status":"instock","restock_status":false,"low_stock_amount":"","sales_update_date":"2026-05-13T00:59:50","calc_backorders":null,"aioseo_notices":[],"_links":{"self":[{"href":"https:\/\/www.jimport.fi\/index.php\/wp-json\/wp\/v2\/product\/6507","targetHints":{"allow":["GET"]}}],"collection":[{"href":"https:\/\/www.jimport.fi\/index.php\/wp-json\/wp\/v2\/product"}],"about":[{"href":"https:\/\/www.jimport.fi\/index.php\/wp-json\/wp\/v2\/types\/product"}],"version-history":[{"count":1,"href":"https:\/\/www.jimport.fi\/index.php\/wp-json\/wp\/v2\/product\/6507\/revisions"}],"predecessor-version":[{"id":6509,"href":"https:\/\/www.jimport.fi\/index.php\/wp-json\/wp\/v2\/product\/6507\/revisions\/6509"}],"wp:featuredmedia":[{"embeddable":true,"href":"https:\/\/www.jimport.fi\/index.php\/wp-json\/wp\/v2\/media\/6508"}],"wp:attachment":[{"href":"https:\/\/www.jimport.fi\/index.php\/wp-json\/wp\/v2\/media?parent=6507"}],"wp:term":[{"taxonomy":"product_brand","embeddable":true,"href":"https:\/\/www.jimport.fi\/index.php\/wp-json\/wp\/v2\/product_brand?post=6507"},{"taxonomy":"product_cat","embeddable":true,"href":"https:\/\/www.jimport.fi\/index.php\/wp-json\/wp\/v2\/product_cat?post=6507"},{"taxonomy":"product_tag","embeddable":true,"href":"https:\/\/www.jimport.fi\/index.php\/wp-json\/wp\/v2\/product_tag?post=6507"}],"curies":[{"name":"wp","href":"https:\/\/api.w.org\/{rel}","templated":true}]}}