{"id":773,"date":"2022-06-10T14:11:17","date_gmt":"2022-06-10T14:11:17","guid":{"rendered":"https:\/\/www.jimport.fi\/?post_type=product&#038;p=773"},"modified":"2025-12-18T23:17:30","modified_gmt":"2025-12-18T20:17:30","slug":"porakoneen-kulma-adapteri","status":"publish","type":"product","link":"https:\/\/www.jimport.fi\/index.php\/tuote\/porakoneen-kulma-adapteri\/","title":{"rendered":"Kulmavaihde porakoneeseen"},"content":{"rendered":"<p>Joskus se porakone ei vaan mill\u00e4\u00e4n mahdu ja silloin t\u00e4m\u00e4 p\u00e4\u00e4see loistamaan.<\/p>\n<h2>Tuotekuvaus<\/h2>\n<p>Istukka: 1,5 &#8211; 10mm<\/p>\n<p>Kulma: 90 astetta<\/p>\n<p>Setti sis\u00e4lt\u00e4\u00e4:<\/p>\n<p>1 x istukka<\/p>\n<p>1x avain 10mm<\/p>\n<p>1x\u00a0 kahva<\/p>\n","protected":false},"excerpt":{"rendered":"<p>Kulmavaihde esim. porakoneeseen 1,5-10mm. Geko<\/p>\n","protected":false},"featured_media":774,"template":"","meta":{"_monsterinsights_skip_tracking":false,"_monsterinsights_sitenote_active":false,"_monsterinsights_sitenote_note":"","_monsterinsights_sitenote_category":0,"neve_meta_sidebar":"","neve_meta_container":"","neve_meta_enable_content_width":"off","neve_meta_content_width":100,"neve_meta_title_alignment":"","neve_meta_author_avatar":"","neve_post_elements_order":"","neve_meta_disable_header":"","neve_meta_disable_footer":"","neve_meta_disable_title":"","_themeisle_gutenberg_block_has_review":false},"product_brand":[],"product_cat":[58],"product_tag":[],"class_list":{"0":"post-773","1":"product","2":"type-product","3":"status-publish","4":"has-post-thumbnail","6":"product_cat-sahkotyokaluja","8":"first","9":"outofstock","10":"taxable","11":"shipping-taxable","12":"purchasable","13":"product-type-simple"},"supplier_id":null,"supplier_sku":"","barcode":null,"atum_controlled":true,"out_stock_date":"2025-12-18 23:17:30","out_stock_threshold":null,"inheritable":false,"inbound_stock":0,"stock_on_hold":0,"sold_today":0,"sales_last_days":0,"reserved_stock":0,"customer_returns":0,"warehouse_damage":0,"lost_in_post":0,"other_logs":0,"out_stock_days":123,"lost_sales":245,"has_location":false,"update_date":"2026-04-21T00:15:25","atum_locations":[],"atum_stock_status":"outofstock","restock_status":false,"low_stock_amount":"","sales_update_date":"2026-04-21T00:15:25","calc_backorders":null,"aioseo_notices":[],"_links":{"self":[{"href":"https:\/\/www.jimport.fi\/index.php\/wp-json\/wp\/v2\/product\/773","targetHints":{"allow":["GET"]}}],"collection":[{"href":"https:\/\/www.jimport.fi\/index.php\/wp-json\/wp\/v2\/product"}],"about":[{"href":"https:\/\/www.jimport.fi\/index.php\/wp-json\/wp\/v2\/types\/product"}],"version-history":[{"count":3,"href":"https:\/\/www.jimport.fi\/index.php\/wp-json\/wp\/v2\/product\/773\/revisions"}],"predecessor-version":[{"id":5024,"href":"https:\/\/www.jimport.fi\/index.php\/wp-json\/wp\/v2\/product\/773\/revisions\/5024"}],"wp:featuredmedia":[{"embeddable":true,"href":"https:\/\/www.jimport.fi\/index.php\/wp-json\/wp\/v2\/media\/774"}],"wp:attachment":[{"href":"https:\/\/www.jimport.fi\/index.php\/wp-json\/wp\/v2\/media?parent=773"}],"wp:term":[{"taxonomy":"product_brand","embeddable":true,"href":"https:\/\/www.jimport.fi\/index.php\/wp-json\/wp\/v2\/product_brand?post=773"},{"taxonomy":"product_cat","embeddable":true,"href":"https:\/\/www.jimport.fi\/index.php\/wp-json\/wp\/v2\/product_cat?post=773"},{"taxonomy":"product_tag","embeddable":true,"href":"https:\/\/www.jimport.fi\/index.php\/wp-json\/wp\/v2\/product_tag?post=773"}],"curies":[{"name":"wp","href":"https:\/\/api.w.org\/{rel}","templated":true}]}}