{"id":804,"date":"2022-06-11T05:44:11","date_gmt":"2022-06-11T05:44:11","guid":{"rendered":"https:\/\/www.jimport.fi\/?post_type=product&#038;p=804"},"modified":"2023-04-28T10:05:17","modified_gmt":"2023-04-28T10:05:17","slug":"kuulosuojaimet-1","status":"publish","type":"product","link":"https:\/\/www.jimport.fi\/index.php\/tuote\/kuulosuojaimet-1\/","title":{"rendered":"Kuulosuojaimet 1"},"content":{"rendered":"<p>N\u00e4ill\u00e4 hinnoilla ei ainakaan s\u00e4\u00e4st\u00f6syist\u00e4 kannata kuuloa tuhota (kuulolaitteen patterikin maksaa enemm\u00e4n).<\/p>\n<h2>Tuotekuvaus<\/h2>\n<p>Kevyt ja mukava kuulonvaimennin kuulonsuojaukseen.<\/p>\n<h3>Tuotteen ominaisuudet<\/h3>\n<ul>\n<li>Suunniteltu pitk\u00e4aikaiseen k\u00e4ytt\u00f6\u00f6n<\/li>\n<li>Iskunkest\u00e4v\u00e4 ABS-muovirakenne<\/li>\n<li>T\u00e4ysin s\u00e4\u00e4dett\u00e4v\u00e4 p\u00e4\u00e4panta sopii useimpiin p\u00e4\u00e4kokoihin<\/li>\n<li>Pehmustetut korvakuppiaukot takaavat optimaalisen mukavuuden ja istuvuuden<\/li>\n<li>Standardin mukaan: EC EN 352-1 2001<\/li>\n<\/ul>\n<h4>Tekniset tiedot<\/h4>\n<ul>\n<li>Signaali-kohinasuhde: SNR 23dB<\/li>\n<li>Materiaali: P\u00e4\u00e4panta &#8211; polypropeeni (PP), korvakorut &#8211; polyeteeni (PE), PVC-vaahto<\/li>\n<li>Standardin mukaan: EC EN 352-1 2001<\/li>\n<\/ul>\n","protected":false},"excerpt":{"rendered":"<p>S\u00e4\u00e4dett\u00e4v\u00e4 perinteinen kuulosuojain. Geko<\/p>\n","protected":false},"featured_media":805,"template":"","meta":{"_monsterinsights_skip_tracking":false,"_monsterinsights_sitenote_active":false,"_monsterinsights_sitenote_note":"","_monsterinsights_sitenote_category":0,"neve_meta_sidebar":"","neve_meta_container":"","neve_meta_enable_content_width":"off","neve_meta_content_width":100,"neve_meta_title_alignment":"","neve_meta_author_avatar":"","neve_post_elements_order":"","neve_meta_disable_header":"","neve_meta_disable_footer":"","neve_meta_disable_title":"","_themeisle_gutenberg_block_has_review":false},"product_brand":[],"product_cat":[97],"product_tag":[],"class_list":{"0":"post-804","1":"product","2":"type-product","3":"status-publish","4":"has-post-thumbnail","6":"product_cat-kuulosuojaimet","8":"first","9":"instock","10":"taxable","11":"shipping-taxable","12":"purchasable","13":"product-type-simple"},"supplier_id":null,"supplier_sku":"","barcode":null,"atum_controlled":true,"out_stock_date":null,"out_stock_threshold":null,"inheritable":false,"inbound_stock":0,"stock_on_hold":0,"sold_today":0,"sales_last_days":0,"reserved_stock":0,"customer_returns":0,"warehouse_damage":0,"lost_in_post":0,"other_logs":0,"out_stock_days":0,"lost_sales":0,"has_location":false,"update_date":"2026-05-02T00:38:02","atum_locations":[],"atum_stock_status":"instock","restock_status":false,"low_stock_amount":"","sales_update_date":"2026-05-02T00:38:02","calc_backorders":null,"aioseo_notices":[],"_links":{"self":[{"href":"https:\/\/www.jimport.fi\/index.php\/wp-json\/wp\/v2\/product\/804","targetHints":{"allow":["GET"]}}],"collection":[{"href":"https:\/\/www.jimport.fi\/index.php\/wp-json\/wp\/v2\/product"}],"about":[{"href":"https:\/\/www.jimport.fi\/index.php\/wp-json\/wp\/v2\/types\/product"}],"version-history":[{"count":3,"href":"https:\/\/www.jimport.fi\/index.php\/wp-json\/wp\/v2\/product\/804\/revisions"}],"predecessor-version":[{"id":5069,"href":"https:\/\/www.jimport.fi\/index.php\/wp-json\/wp\/v2\/product\/804\/revisions\/5069"}],"wp:featuredmedia":[{"embeddable":true,"href":"https:\/\/www.jimport.fi\/index.php\/wp-json\/wp\/v2\/media\/805"}],"wp:attachment":[{"href":"https:\/\/www.jimport.fi\/index.php\/wp-json\/wp\/v2\/media?parent=804"}],"wp:term":[{"taxonomy":"product_brand","embeddable":true,"href":"https:\/\/www.jimport.fi\/index.php\/wp-json\/wp\/v2\/product_brand?post=804"},{"taxonomy":"product_cat","embeddable":true,"href":"https:\/\/www.jimport.fi\/index.php\/wp-json\/wp\/v2\/product_cat?post=804"},{"taxonomy":"product_tag","embeddable":true,"href":"https:\/\/www.jimport.fi\/index.php\/wp-json\/wp\/v2\/product_tag?post=804"}],"curies":[{"name":"wp","href":"https:\/\/api.w.org\/{rel}","templated":true}]}}