{"id":926,"date":"2022-06-11T14:39:23","date_gmt":"2022-06-11T11:39:23","guid":{"rendered":"https:\/\/www.jimport.fi\/?post_type=product&#038;p=926"},"modified":"2023-08-19T14:09:59","modified_gmt":"2023-08-19T11:09:59","slug":"kasienpuhdistus-geeli-50ml","status":"publish","type":"product","link":"https:\/\/www.jimport.fi\/index.php\/tuote\/kasienpuhdistus-geeli-50ml\/","title":{"rendered":"K\u00e4sienpuhdistus-geeli 50ml"},"content":{"rendered":"<h2>Tuotekuvaus<\/h2>\n<p>Puhdistava k\u00e4sigeeli antibakteerisilla ominaisuuksilla 50ml<\/p>\n<h3>Tuotteen k\u00e4ytt\u00f6tarkoitus<\/h3>\n<ul>Puhdistava k\u00e4sigeeli poistaa bakteereja ilman vett\u00e4.<\/ul>\n<ul>Se sis\u00e4lt\u00e4\u00e4 70% alkoholia.<\/ul>\n<ul>K\u00e4ytt\u00f6: Levit\u00e4 pieni m\u00e4\u00e4r\u00e4 geeli\u00e4 k\u00e4sille, anna imeyty\u00e4.<\/ul>\n<ul>Tilavuus: 50ml<\/ul>\n","protected":false},"excerpt":{"rendered":"<p>Antibakteerinen k\u00e4sienpuhdistugeeli taskuun sopivassa tuubissa<\/p>\n","protected":false},"featured_media":927,"template":"","meta":{"_monsterinsights_skip_tracking":false,"_monsterinsights_sitenote_active":false,"_monsterinsights_sitenote_note":"","_monsterinsights_sitenote_category":0,"neve_meta_sidebar":"","neve_meta_container":"","neve_meta_enable_content_width":"off","neve_meta_content_width":100,"neve_meta_title_alignment":"","neve_meta_author_avatar":"","neve_post_elements_order":"","neve_meta_disable_header":"","neve_meta_disable_footer":"","neve_meta_disable_title":"","_themeisle_gutenberg_block_has_review":false},"product_brand":[],"product_cat":[133],"product_tag":[],"class_list":{"0":"post-926","1":"product","2":"type-product","3":"status-publish","4":"has-post-thumbnail","6":"product_cat-oljyt-kemikaalit","8":"first","9":"instock","10":"taxable","11":"shipping-taxable","12":"purchasable","13":"product-type-simple"},"supplier_id":null,"supplier_sku":"","barcode":null,"atum_controlled":true,"out_stock_date":null,"out_stock_threshold":null,"inheritable":false,"inbound_stock":0,"stock_on_hold":0,"sold_today":0,"sales_last_days":0,"reserved_stock":0,"customer_returns":0,"warehouse_damage":0,"lost_in_post":0,"other_logs":0,"out_stock_days":0,"lost_sales":0,"has_location":false,"update_date":"2026-05-03T00:44:26","atum_locations":[],"atum_stock_status":"instock","restock_status":false,"low_stock_amount":"","sales_update_date":"2026-05-03T00:44:26","calc_backorders":null,"aioseo_notices":[],"_links":{"self":[{"href":"https:\/\/www.jimport.fi\/index.php\/wp-json\/wp\/v2\/product\/926","targetHints":{"allow":["GET"]}}],"collection":[{"href":"https:\/\/www.jimport.fi\/index.php\/wp-json\/wp\/v2\/product"}],"about":[{"href":"https:\/\/www.jimport.fi\/index.php\/wp-json\/wp\/v2\/types\/product"}],"version-history":[{"count":3,"href":"https:\/\/www.jimport.fi\/index.php\/wp-json\/wp\/v2\/product\/926\/revisions"}],"predecessor-version":[{"id":5145,"href":"https:\/\/www.jimport.fi\/index.php\/wp-json\/wp\/v2\/product\/926\/revisions\/5145"}],"wp:featuredmedia":[{"embeddable":true,"href":"https:\/\/www.jimport.fi\/index.php\/wp-json\/wp\/v2\/media\/927"}],"wp:attachment":[{"href":"https:\/\/www.jimport.fi\/index.php\/wp-json\/wp\/v2\/media?parent=926"}],"wp:term":[{"taxonomy":"product_brand","embeddable":true,"href":"https:\/\/www.jimport.fi\/index.php\/wp-json\/wp\/v2\/product_brand?post=926"},{"taxonomy":"product_cat","embeddable":true,"href":"https:\/\/www.jimport.fi\/index.php\/wp-json\/wp\/v2\/product_cat?post=926"},{"taxonomy":"product_tag","embeddable":true,"href":"https:\/\/www.jimport.fi\/index.php\/wp-json\/wp\/v2\/product_tag?post=926"}],"curies":[{"name":"wp","href":"https:\/\/api.w.org\/{rel}","templated":true}]}}