{"id":938,"date":"2022-06-11T15:22:21","date_gmt":"2022-06-11T15:22:21","guid":{"rendered":"https:\/\/www.jimport.fi\/?post_type=product&#038;p=938"},"modified":"2023-05-18T15:13:35","modified_gmt":"2023-05-18T15:13:35","slug":"lamellilaikka-125mm-zirconium","status":"publish","type":"product","link":"https:\/\/www.jimport.fi\/index.php\/tuote\/lamellilaikka-125mm-zirconium\/","title":{"rendered":"Lamellilaikka 125mm P60 zirconium"},"content":{"rendered":"<h2>Tuotekuvaus<\/h2>\n<p>Zirkoniumoksidioksidi on itseteroittava hioma-aine, joka mahdollistaa nopeamman leikkausnopeuden ja pidemm\u00e4n k\u00e4ytt\u00f6i\u00e4n kuin alumiinioksidi.<\/p>\n<h3>Tuotteen ominaisuudet<\/h3>\n<ul>\n<li>Zirkoniumoksidi pinnoite<\/li>\n<li>Ihanteellinen hiilikuidun ja pehme\u00e4n ter\u00e4ksen hiontaan<\/li>\n<li>Hyv\u00e4 l\u00e4mm\u00f6nkest\u00e4vyys<\/li>\n<li>Hartsi sideaine<\/li>\n<\/ul>\n<h4>Tekniset tiedot<\/h4>\n<ul>\n<li>Hioma-aine: zirkoniumoksidi<\/li>\n<li>Sideaine: hartsi<\/li>\n<li>Levyn halkaisija: 125 mm<\/li>\n<li>Karu: 60<\/li>\n<\/ul>\n","protected":false},"excerpt":{"rendered":"<p>Premium lamellilaikka. Zirconium Karkeus 60. Geko<\/p>\n","protected":false},"featured_media":939,"template":"","meta":{"_monsterinsights_skip_tracking":false,"_monsterinsights_sitenote_active":false,"_monsterinsights_sitenote_note":"","_monsterinsights_sitenote_category":0,"neve_meta_sidebar":"","neve_meta_container":"","neve_meta_enable_content_width":"off","neve_meta_content_width":100,"neve_meta_title_alignment":"","neve_meta_author_avatar":"","neve_post_elements_order":"","neve_meta_disable_header":"","neve_meta_disable_footer":"","neve_meta_disable_title":"","_themeisle_gutenberg_block_has_review":false},"product_brand":[],"product_cat":[44,130],"product_tag":[],"class_list":{"0":"post-938","1":"product","2":"type-product","3":"status-publish","4":"has-post-thumbnail","6":"product_cat-hionta","7":"product_cat-laikat","9":"first","10":"instock","11":"taxable","12":"shipping-taxable","13":"purchasable","14":"product-type-simple"},"supplier_id":null,"supplier_sku":"","barcode":null,"atum_controlled":true,"out_stock_date":null,"out_stock_threshold":null,"inheritable":false,"inbound_stock":0,"stock_on_hold":0,"sold_today":0,"sales_last_days":0,"reserved_stock":0,"customer_returns":0,"warehouse_damage":0,"lost_in_post":0,"other_logs":0,"out_stock_days":0,"lost_sales":0,"has_location":false,"update_date":"2026-04-30T00:31:48","atum_locations":[],"atum_stock_status":"instock","restock_status":false,"low_stock_amount":"","sales_update_date":"2026-04-30T00:31:48","calc_backorders":null,"aioseo_notices":[],"_links":{"self":[{"href":"https:\/\/www.jimport.fi\/index.php\/wp-json\/wp\/v2\/product\/938","targetHints":{"allow":["GET"]}}],"collection":[{"href":"https:\/\/www.jimport.fi\/index.php\/wp-json\/wp\/v2\/product"}],"about":[{"href":"https:\/\/www.jimport.fi\/index.php\/wp-json\/wp\/v2\/types\/product"}],"version-history":[{"count":4,"href":"https:\/\/www.jimport.fi\/index.php\/wp-json\/wp\/v2\/product\/938\/revisions"}],"predecessor-version":[{"id":5309,"href":"https:\/\/www.jimport.fi\/index.php\/wp-json\/wp\/v2\/product\/938\/revisions\/5309"}],"wp:featuredmedia":[{"embeddable":true,"href":"https:\/\/www.jimport.fi\/index.php\/wp-json\/wp\/v2\/media\/939"}],"wp:attachment":[{"href":"https:\/\/www.jimport.fi\/index.php\/wp-json\/wp\/v2\/media?parent=938"}],"wp:term":[{"taxonomy":"product_brand","embeddable":true,"href":"https:\/\/www.jimport.fi\/index.php\/wp-json\/wp\/v2\/product_brand?post=938"},{"taxonomy":"product_cat","embeddable":true,"href":"https:\/\/www.jimport.fi\/index.php\/wp-json\/wp\/v2\/product_cat?post=938"},{"taxonomy":"product_tag","embeddable":true,"href":"https:\/\/www.jimport.fi\/index.php\/wp-json\/wp\/v2\/product_tag?post=938"}],"curies":[{"name":"wp","href":"https:\/\/api.w.org\/{rel}","templated":true}]}}