{"id":967,"date":"2022-06-12T11:41:02","date_gmt":"2022-06-12T11:41:02","guid":{"rendered":"https:\/\/www.jimport.fi\/?post_type=product&#038;p=967"},"modified":"2026-01-11T22:30:41","modified_gmt":"2026-01-11T19:30:41","slug":"ladattava-led-valaisin","status":"publish","type":"product","link":"https:\/\/www.jimport.fi\/index.php\/tuote\/ladattava-led-valaisin\/","title":{"rendered":"Ladattava LED valaisin"},"content":{"rendered":"<p>Edullinen ja monipuolinen magneettity\u00f6valaisin koukulla, kolmella eri valolla ja mukana sein\u00e4laturi + autolaturi. Voi k\u00e4ytt\u00e4\u00e4 my\u00f6s virtapankkina ja ladata esim. puhelinta USB virtal\u00e4hd\u00f6st\u00e4. Vilkkuvalle kolmiolle voi jokainen keksi\u00e4 oman k\u00e4ytt\u00f6tarkoituksen. Ihan hyv\u00e4 peruslamppu autoon, koneeseen, pajalle..<\/p>\n","protected":false},"excerpt":{"rendered":"<p>Monipuolinen ty\u00f6valaisin magneettijalalla Li-Ion 2800mAh. Sis\u00e4lt\u00e4\u00e4 laturit<\/p>\n","protected":false},"featured_media":968,"template":"","meta":{"_monsterinsights_skip_tracking":false,"_monsterinsights_sitenote_active":false,"_monsterinsights_sitenote_note":"","_monsterinsights_sitenote_category":0,"neve_meta_sidebar":"","neve_meta_container":"","neve_meta_enable_content_width":"off","neve_meta_content_width":100,"neve_meta_title_alignment":"","neve_meta_author_avatar":"","neve_post_elements_order":"","neve_meta_disable_header":"","neve_meta_disable_footer":"","neve_meta_disable_title":"","_themeisle_gutenberg_block_has_review":false},"product_brand":[],"product_cat":[61],"product_tag":[],"class_list":{"0":"post-967","1":"product","2":"type-product","3":"status-publish","4":"has-post-thumbnail","6":"product_cat-valoja","8":"first","9":"instock","10":"taxable","11":"shipping-taxable","12":"purchasable","13":"product-type-simple"},"supplier_id":null,"supplier_sku":"","barcode":null,"atum_controlled":true,"out_stock_date":null,"out_stock_threshold":null,"inheritable":false,"inbound_stock":0,"stock_on_hold":0,"sold_today":0,"sales_last_days":0,"reserved_stock":0,"customer_returns":0,"warehouse_damage":0,"lost_in_post":0,"other_logs":0,"out_stock_days":0,"lost_sales":0,"has_location":false,"update_date":"2026-05-13T01:00:13","atum_locations":[],"atum_stock_status":"instock","restock_status":false,"low_stock_amount":"","sales_update_date":"2026-05-13T01:00:13","calc_backorders":null,"aioseo_notices":[],"_links":{"self":[{"href":"https:\/\/www.jimport.fi\/index.php\/wp-json\/wp\/v2\/product\/967","targetHints":{"allow":["GET"]}}],"collection":[{"href":"https:\/\/www.jimport.fi\/index.php\/wp-json\/wp\/v2\/product"}],"about":[{"href":"https:\/\/www.jimport.fi\/index.php\/wp-json\/wp\/v2\/types\/product"}],"version-history":[{"count":6,"href":"https:\/\/www.jimport.fi\/index.php\/wp-json\/wp\/v2\/product\/967\/revisions"}],"predecessor-version":[{"id":5163,"href":"https:\/\/www.jimport.fi\/index.php\/wp-json\/wp\/v2\/product\/967\/revisions\/5163"}],"wp:featuredmedia":[{"embeddable":true,"href":"https:\/\/www.jimport.fi\/index.php\/wp-json\/wp\/v2\/media\/968"}],"wp:attachment":[{"href":"https:\/\/www.jimport.fi\/index.php\/wp-json\/wp\/v2\/media?parent=967"}],"wp:term":[{"taxonomy":"product_brand","embeddable":true,"href":"https:\/\/www.jimport.fi\/index.php\/wp-json\/wp\/v2\/product_brand?post=967"},{"taxonomy":"product_cat","embeddable":true,"href":"https:\/\/www.jimport.fi\/index.php\/wp-json\/wp\/v2\/product_cat?post=967"},{"taxonomy":"product_tag","embeddable":true,"href":"https:\/\/www.jimport.fi\/index.php\/wp-json\/wp\/v2\/product_tag?post=967"}],"curies":[{"name":"wp","href":"https:\/\/api.w.org\/{rel}","templated":true}]}}