{"id":981,"date":"2022-06-12T12:22:16","date_gmt":"2022-06-12T12:22:16","guid":{"rendered":"https:\/\/www.jimport.fi\/?post_type=product&#038;p=981"},"modified":"2024-07-29T17:22:05","modified_gmt":"2024-07-29T14:22:05","slug":"ladattava-valaisin-306-led","status":"publish","type":"product","link":"https:\/\/www.jimport.fi\/index.php\/tuote\/ladattava-valaisin-306-led\/","title":{"rendered":"Ladattava valaisin 30+6 LED"},"content":{"rendered":"<div class=\"product-description-ui limited-container-ui product-description-lq\">\n<h2>Tuotekuvaus<\/h2>\n<h3>Tuotteen ominaisuudet<\/h3>\n<ul>\n<li>Kirkkaat ja pitk\u00e4ik\u00e4iset 36 SMD LED -valot<\/li>\n<li>30 LED-tarkastusvalo ja 6 LED-taskulamppu<\/li>\n<li>Ulottuu paljastamaan tarkastusvalon<\/li>\n<li>Tarjoaa jopa 4 tuntia jatkuvaa k\u00e4ytt\u00f6\u00e4<\/li>\n<li>Ladattava Ni-MH-akku<\/li>\n<li>Iskunkest\u00e4v\u00e4 rakenne<\/li>\n<li>Kest\u00e4v\u00e4 kumikotelo<\/li>\n<li>\u00d6ljyn- ja vedenkest\u00e4v\u00e4<\/li>\n<li>Magneettinen pohja<\/li>\n<\/ul>\n<h4>Tekniset tiedot<\/h4>\n<ul>\n<li>Polttimon tyyppi: SMD LED<\/li>\n<li>Lamppujen lukum\u00e4\u00e4r\u00e4: 30+6<\/li>\n<li>LEDin k\u00e4ytt\u00f6ik\u00e4: 100 000 tuntia<\/li>\n<li>Akun kapasiteetti: 1200 mAh 3.6V Ni-MH<\/li>\n<li>Latausaika: 4 &#8211; 5 tuntia<\/li>\n<li>Kesto: 3 &#8211; 4 tuntia<\/li>\n<li>Lataussovittimet: DC 12V \/ AC 230V<\/li>\n<li>Materiaali: ABS, polykarbonaatti (PC)<\/li>\n<li>Ominaisuudet: Magneettinen pohja<\/li>\n<\/ul>\n<\/div>\n<div class=\"product-attributes-ui clear-after-ui product-attributes-lq\">\n<h2>Tuotteen ominaisuudet<\/h2>\n<\/div>\n","protected":false},"excerpt":{"rendered":"<p>Pitk\u00e4ksi vedett\u00e4v\u00e4 ty\u00f6valaisin Ni-MH akulla 1200mAh<\/p>\n","protected":false},"featured_media":982,"template":"","meta":{"_monsterinsights_skip_tracking":false,"_monsterinsights_sitenote_active":false,"_monsterinsights_sitenote_note":"","_monsterinsights_sitenote_category":0,"neve_meta_sidebar":"","neve_meta_container":"","neve_meta_enable_content_width":"off","neve_meta_content_width":100,"neve_meta_title_alignment":"","neve_meta_author_avatar":"","neve_post_elements_order":"","neve_meta_disable_header":"","neve_meta_disable_footer":"","neve_meta_disable_title":"","_themeisle_gutenberg_block_has_review":false},"product_brand":[],"product_cat":[61],"product_tag":[],"class_list":{"0":"post-981","1":"product","2":"type-product","3":"status-publish","4":"has-post-thumbnail","6":"product_cat-valoja","8":"first","9":"instock","10":"taxable","11":"shipping-taxable","12":"purchasable","13":"product-type-simple"},"supplier_id":null,"supplier_sku":"","barcode":null,"atum_controlled":true,"out_stock_date":null,"out_stock_threshold":null,"inheritable":false,"inbound_stock":0,"stock_on_hold":0,"sold_today":0,"sales_last_days":0,"reserved_stock":0,"customer_returns":0,"warehouse_damage":0,"lost_in_post":0,"other_logs":0,"out_stock_days":0,"lost_sales":0,"has_location":false,"update_date":"2026-04-18T00:02:29","atum_locations":[],"atum_stock_status":"instock","restock_status":false,"low_stock_amount":"","sales_update_date":"2026-04-18T00:02:29","calc_backorders":null,"aioseo_notices":[],"_links":{"self":[{"href":"https:\/\/www.jimport.fi\/index.php\/wp-json\/wp\/v2\/product\/981","targetHints":{"allow":["GET"]}}],"collection":[{"href":"https:\/\/www.jimport.fi\/index.php\/wp-json\/wp\/v2\/product"}],"about":[{"href":"https:\/\/www.jimport.fi\/index.php\/wp-json\/wp\/v2\/types\/product"}],"version-history":[{"count":3,"href":"https:\/\/www.jimport.fi\/index.php\/wp-json\/wp\/v2\/product\/981\/revisions"}],"predecessor-version":[{"id":5160,"href":"https:\/\/www.jimport.fi\/index.php\/wp-json\/wp\/v2\/product\/981\/revisions\/5160"}],"wp:featuredmedia":[{"embeddable":true,"href":"https:\/\/www.jimport.fi\/index.php\/wp-json\/wp\/v2\/media\/982"}],"wp:attachment":[{"href":"https:\/\/www.jimport.fi\/index.php\/wp-json\/wp\/v2\/media?parent=981"}],"wp:term":[{"taxonomy":"product_brand","embeddable":true,"href":"https:\/\/www.jimport.fi\/index.php\/wp-json\/wp\/v2\/product_brand?post=981"},{"taxonomy":"product_cat","embeddable":true,"href":"https:\/\/www.jimport.fi\/index.php\/wp-json\/wp\/v2\/product_cat?post=981"},{"taxonomy":"product_tag","embeddable":true,"href":"https:\/\/www.jimport.fi\/index.php\/wp-json\/wp\/v2\/product_tag?post=981"}],"curies":[{"name":"wp","href":"https:\/\/api.w.org\/{rel}","templated":true}]}}